{"id":8776,"date":"2023-03-01T08:40:29","date_gmt":"2023-03-01T12:40:29","guid":{"rendered":"https:\/\/cpcs.ufms.br\/?page_id=8776"},"modified":"2023-03-01T08:40:29","modified_gmt":"2023-03-01T12:40:29","slug":"ana-carina-da-silva-candido-seron","status":"publish","type":"page","link":"https:\/\/cpcs.ufms.br\/en\/docentes\/agronomia\/ana-carina-da-silva-candido-seron\/","title":{"rendered":"Ana Carina da Silva C\u00e2ndido Seron"},"content":{"rendered":"<div><a href=\"https:\/\/cpcs.ufms.br\/files\/2023\/02\/ana-carina.jpeg\"><img fetchpriority=\"high\" decoding=\"async\" class=\"size-medium wp-image-8774 aligncenter\" src=\"https:\/\/cpcs.ufms.br\/files\/2023\/02\/ana-carina-218x300.jpeg\" alt=\"\" width=\"218\" height=\"300\" srcset=\"https:\/\/cpcs.ufms.br\/files\/2023\/02\/ana-carina-218x300.jpeg 218w, https:\/\/cpcs.ufms.br\/files\/2023\/02\/ana-carina-745x1024.jpeg 745w, https:\/\/cpcs.ufms.br\/files\/2023\/02\/ana-carina-768x1055.jpeg 768w, https:\/\/cpcs.ufms.br\/files\/2023\/02\/ana-carina-233x320.jpeg 233w, https:\/\/cpcs.ufms.br\/files\/2023\/02\/ana-carina.jpeg 918w\" sizes=\"(max-width: 218px) 100vw, 218px\" \/><\/a><\/div>\n<div>&nbsp;<\/div>\n<div>&nbsp;<\/div>\n<div>&nbsp;<\/div>\n<div>\n<table border=\"0\" width=\"100%\" cellpadding=\"0\">\n<tbody>\n<tr>\n<td width=\"17%\"><strong>Doutorado<\/strong><\/td>\n<td width=\"80%\">Agronomia (Produ\u00e7\u00e3o Vegetal), UFGD \u2013 Dourados, MS \u2013 2011.<\/td>\n<\/tr>\n<tr>\n<td width=\"17%\"><strong>Mestrado<\/strong><\/td>\n<td width=\"80%\">Biologia Vegetal, UFMS \u2013 Campo Grande, MS \u2013 2007.<\/td>\n<\/tr>\n<tr>\n<td width=\"17%\"><strong>Gradua\u00e7\u00e3o<\/strong><\/td>\n<td width=\"80%\">Agronomia, UFMS \u2013 Chapad\u00e3o do Sul, MS \u2013 2021.<br \/>\nCi\u00eancias Biol\u00f3gicas (Bacharelado), UFMS, Dourados, MS &#8211; 2004.<\/td>\n<\/tr>\n<\/tbody>\n<\/table>\n<p>&nbsp;<\/p>\n<p><strong>\u00c1reas e Linhas de Pesquisa:<\/strong><\/p>\n<ul>\n<li>Bioqu\u00edmica e Fitoqu\u00edmica de Plantas e Sementes<\/li>\n<\/ul>\n<p>&nbsp;<\/p>\n<p><strong>E-mail:<\/strong> ana.candido@ufms.br<\/p>\n<p><strong>Telefone:<\/strong> (67) 3562-6326<\/p>\n<p style=\"text-align: center\"><a href=\"http:\/\/lattes.cnpq.br\/9955103286778985\">(Curr\u00edculo &#8211; Plataforma Lattes)<\/a><\/p>\n<\/div>\n<div>&nbsp;<\/div>\n<p>&nbsp;<\/p>\n","protected":false},"excerpt":{"rendered":"<p>&nbsp; &nbsp; &nbsp; Doutorado Agronomia (Produ\u00e7\u00e3o Vegetal), UFGD \u2013 Dourados, MS \u2013 2011. Mestrado Biologia Vegetal, UFMS \u2013 Campo Grande, MS \u2013 2007. Gradua\u00e7\u00e3o Agronomia, UFMS \u2013 Chapad\u00e3o do Sul, MS \u2013 2021. Ci\u00eancias Biol\u00f3gicas (Bacharelado), UFMS, Dourados, MS &#8211; 2004. &nbsp; \u00c1reas e Linhas de Pesquisa: Bioqu\u00edmica e Fitoqu\u00edmica de Plantas e Sementes &nbsp; [&hellip;]<\/p>\n","protected":false},"author":35413,"featured_media":0,"parent":6952,"menu_order":0,"comment_status":"closed","ping_status":"closed","template":"","meta":{"ngg_post_thumbnail":0,"footnotes":""},"coauthors":[39],"class_list":["post-8776","page","type-page","status-publish","hentry"],"yoast_head":"<!-- This site is optimized with the Yoast SEO plugin v26.2 - https:\/\/yoast.com\/wordpress\/plugins\/seo\/ -->\n<title>Ana Carina da Silva C\u00e2ndido Seron - Campus de Chapad\u00e3o do Sul<\/title>\n<meta name=\"robots\" content=\"index, follow, max-snippet:-1, max-image-preview:large, max-video-preview:-1\" \/>\n<link rel=\"canonical\" href=\"https:\/\/cpcs.ufms.br\/docentes\/agronomia\/ana-carina-da-silva-candido-seron\/\" \/>\n<meta property=\"og:locale\" content=\"en_US\" \/>\n<meta property=\"og:type\" content=\"article\" \/>\n<meta property=\"og:title\" content=\"Ana Carina da Silva C\u00e2ndido Seron - Campus de Chapad\u00e3o do Sul\" \/>\n<meta property=\"og:description\" content=\"&nbsp; &nbsp; &nbsp; Doutorado Agronomia (Produ\u00e7\u00e3o Vegetal), UFGD \u2013 Dourados, MS \u2013 2011. Mestrado Biologia Vegetal, UFMS \u2013 Campo Grande, MS \u2013 2007. Gradua\u00e7\u00e3o Agronomia, UFMS \u2013 Chapad\u00e3o do Sul, MS \u2013 2021. Ci\u00eancias Biol\u00f3gicas (Bacharelado), UFMS, Dourados, MS &#8211; 2004. &nbsp; \u00c1reas e Linhas de Pesquisa: Bioqu\u00edmica e Fitoqu\u00edmica de Plantas e Sementes &nbsp; [&hellip;]\" \/>\n<meta property=\"og:url\" content=\"https:\/\/cpcs.ufms.br\/docentes\/agronomia\/ana-carina-da-silva-candido-seron\/\" \/>\n<meta property=\"og:site_name\" content=\"Campus de Chapad\u00e3o do Sul\" \/>\n<meta property=\"og:image\" content=\"https:\/\/cpcs.ufms.br\/files\/2023\/02\/ana-carina-218x300.jpeg\" \/>\n<meta name=\"twitter:label1\" content=\"Est. reading time\" \/>\n\t<meta name=\"twitter:data1\" content=\"1 minute\" \/>\n\t<meta name=\"twitter:label2\" content=\"Written by\" \/>\n\t<meta name=\"twitter:data2\" content=\"Maik Oliveira Silva\" \/>\n<script type=\"application\/ld+json\" class=\"yoast-schema-graph\">{\"@context\":\"https:\/\/schema.org\",\"@graph\":[{\"@type\":\"WebPage\",\"@id\":\"https:\/\/cpcs.ufms.br\/docentes\/agronomia\/ana-carina-da-silva-candido-seron\/\",\"url\":\"https:\/\/cpcs.ufms.br\/docentes\/agronomia\/ana-carina-da-silva-candido-seron\/\",\"name\":\"Ana Carina da Silva C\u00e2ndido Seron - Campus de Chapad\u00e3o do Sul\",\"isPartOf\":{\"@id\":\"https:\/\/cpcs.ufms.br\/#website\"},\"primaryImageOfPage\":{\"@id\":\"https:\/\/cpcs.ufms.br\/docentes\/agronomia\/ana-carina-da-silva-candido-seron\/#primaryimage\"},\"image\":{\"@id\":\"https:\/\/cpcs.ufms.br\/docentes\/agronomia\/ana-carina-da-silva-candido-seron\/#primaryimage\"},\"thumbnailUrl\":\"https:\/\/cpcs.ufms.br\/files\/2023\/02\/ana-carina-218x300.jpeg\",\"datePublished\":\"2023-03-01T12:40:29+00:00\",\"breadcrumb\":{\"@id\":\"https:\/\/cpcs.ufms.br\/docentes\/agronomia\/ana-carina-da-silva-candido-seron\/#breadcrumb\"},\"inLanguage\":\"en-US\",\"potentialAction\":[{\"@type\":\"ReadAction\",\"target\":[\"https:\/\/cpcs.ufms.br\/docentes\/agronomia\/ana-carina-da-silva-candido-seron\/\"]}]},{\"@type\":\"ImageObject\",\"inLanguage\":\"en-US\",\"@id\":\"https:\/\/cpcs.ufms.br\/docentes\/agronomia\/ana-carina-da-silva-candido-seron\/#primaryimage\",\"url\":\"https:\/\/cpcs.ufms.br\/files\/2023\/02\/ana-carina-218x300.jpeg\",\"contentUrl\":\"https:\/\/cpcs.ufms.br\/files\/2023\/02\/ana-carina-218x300.jpeg\"},{\"@type\":\"BreadcrumbList\",\"@id\":\"https:\/\/cpcs.ufms.br\/docentes\/agronomia\/ana-carina-da-silva-candido-seron\/#breadcrumb\",\"itemListElement\":[{\"@type\":\"ListItem\",\"position\":1,\"name\":\"In\u00edcio\",\"item\":\"https:\/\/cpcs.ufms.br\/\"},{\"@type\":\"ListItem\",\"position\":2,\"name\":\"Docentes\",\"item\":\"https:\/\/cpcs.ufms.br\/docentes\/\"},{\"@type\":\"ListItem\",\"position\":3,\"name\":\"Agronomia\",\"item\":\"https:\/\/cpcs.ufms.br\/docentes\/agronomia\/\"},{\"@type\":\"ListItem\",\"position\":4,\"name\":\"Ana Carina da Silva C\u00e2ndido Seron\"}]},{\"@type\":\"WebSite\",\"@id\":\"https:\/\/cpcs.ufms.br\/#website\",\"url\":\"https:\/\/cpcs.ufms.br\/\",\"name\":\"Campus de Chapad\u00e3o do Sul\",\"description\":\"Universidade Federal de Mato Grosso do Sul\",\"potentialAction\":[{\"@type\":\"SearchAction\",\"target\":{\"@type\":\"EntryPoint\",\"urlTemplate\":\"https:\/\/cpcs.ufms.br\/?s={search_term_string}\"},\"query-input\":{\"@type\":\"PropertyValueSpecification\",\"valueRequired\":true,\"valueName\":\"search_term_string\"}}],\"inLanguage\":\"en-US\"}]}<\/script>\n<!-- \/ Yoast SEO plugin. -->","yoast_head_json":{"title":"Ana Carina da Silva C\u00e2ndido Seron - Campus de Chapad\u00e3o do Sul","robots":{"index":"index","follow":"follow","max-snippet":"max-snippet:-1","max-image-preview":"max-image-preview:large","max-video-preview":"max-video-preview:-1"},"canonical":"https:\/\/cpcs.ufms.br\/docentes\/agronomia\/ana-carina-da-silva-candido-seron\/","og_locale":"en_US","og_type":"article","og_title":"Ana Carina da Silva C\u00e2ndido Seron - Campus de Chapad\u00e3o do Sul","og_description":"&nbsp; &nbsp; &nbsp; Doutorado Agronomia (Produ\u00e7\u00e3o Vegetal), UFGD \u2013 Dourados, MS \u2013 2011. Mestrado Biologia Vegetal, UFMS \u2013 Campo Grande, MS \u2013 2007. Gradua\u00e7\u00e3o Agronomia, UFMS \u2013 Chapad\u00e3o do Sul, MS \u2013 2021. Ci\u00eancias Biol\u00f3gicas (Bacharelado), UFMS, Dourados, MS &#8211; 2004. &nbsp; \u00c1reas e Linhas de Pesquisa: Bioqu\u00edmica e Fitoqu\u00edmica de Plantas e Sementes &nbsp; [&hellip;]","og_url":"https:\/\/cpcs.ufms.br\/docentes\/agronomia\/ana-carina-da-silva-candido-seron\/","og_site_name":"Campus de Chapad\u00e3o do Sul","og_image":[{"url":"https:\/\/cpcs.ufms.br\/files\/2023\/02\/ana-carina-218x300.jpeg","type":"","width":"","height":""}],"twitter_misc":{"Est. reading time":"1 minute","Written by":"Maik Oliveira Silva"},"schema":{"@context":"https:\/\/schema.org","@graph":[{"@type":"WebPage","@id":"https:\/\/cpcs.ufms.br\/docentes\/agronomia\/ana-carina-da-silva-candido-seron\/","url":"https:\/\/cpcs.ufms.br\/docentes\/agronomia\/ana-carina-da-silva-candido-seron\/","name":"Ana Carina da Silva C\u00e2ndido Seron - Campus de Chapad\u00e3o do Sul","isPartOf":{"@id":"https:\/\/cpcs.ufms.br\/#website"},"primaryImageOfPage":{"@id":"https:\/\/cpcs.ufms.br\/docentes\/agronomia\/ana-carina-da-silva-candido-seron\/#primaryimage"},"image":{"@id":"https:\/\/cpcs.ufms.br\/docentes\/agronomia\/ana-carina-da-silva-candido-seron\/#primaryimage"},"thumbnailUrl":"https:\/\/cpcs.ufms.br\/files\/2023\/02\/ana-carina-218x300.jpeg","datePublished":"2023-03-01T12:40:29+00:00","breadcrumb":{"@id":"https:\/\/cpcs.ufms.br\/docentes\/agronomia\/ana-carina-da-silva-candido-seron\/#breadcrumb"},"inLanguage":"en-US","potentialAction":[{"@type":"ReadAction","target":["https:\/\/cpcs.ufms.br\/docentes\/agronomia\/ana-carina-da-silva-candido-seron\/"]}]},{"@type":"ImageObject","inLanguage":"en-US","@id":"https:\/\/cpcs.ufms.br\/docentes\/agronomia\/ana-carina-da-silva-candido-seron\/#primaryimage","url":"https:\/\/cpcs.ufms.br\/files\/2023\/02\/ana-carina-218x300.jpeg","contentUrl":"https:\/\/cpcs.ufms.br\/files\/2023\/02\/ana-carina-218x300.jpeg"},{"@type":"BreadcrumbList","@id":"https:\/\/cpcs.ufms.br\/docentes\/agronomia\/ana-carina-da-silva-candido-seron\/#breadcrumb","itemListElement":[{"@type":"ListItem","position":1,"name":"In\u00edcio","item":"https:\/\/cpcs.ufms.br\/"},{"@type":"ListItem","position":2,"name":"Docentes","item":"https:\/\/cpcs.ufms.br\/docentes\/"},{"@type":"ListItem","position":3,"name":"Agronomia","item":"https:\/\/cpcs.ufms.br\/docentes\/agronomia\/"},{"@type":"ListItem","position":4,"name":"Ana Carina da Silva C\u00e2ndido Seron"}]},{"@type":"WebSite","@id":"https:\/\/cpcs.ufms.br\/#website","url":"https:\/\/cpcs.ufms.br\/","name":"Campus de Chapad\u00e3o do Sul","description":"Universidade Federal de Mato Grosso do Sul","potentialAction":[{"@type":"SearchAction","target":{"@type":"EntryPoint","urlTemplate":"https:\/\/cpcs.ufms.br\/?s={search_term_string}"},"query-input":{"@type":"PropertyValueSpecification","valueRequired":true,"valueName":"search_term_string"}}],"inLanguage":"en-US"}]}},"_links":{"self":[{"href":"https:\/\/cpcs.ufms.br\/en\/wp-json\/wp\/v2\/pages\/8776","targetHints":{"allow":["GET"]}}],"collection":[{"href":"https:\/\/cpcs.ufms.br\/en\/wp-json\/wp\/v2\/pages"}],"about":[{"href":"https:\/\/cpcs.ufms.br\/en\/wp-json\/wp\/v2\/types\/page"}],"author":[{"embeddable":true,"href":"https:\/\/cpcs.ufms.br\/en\/wp-json\/wp\/v2\/users\/35413"}],"replies":[{"embeddable":true,"href":"https:\/\/cpcs.ufms.br\/en\/wp-json\/wp\/v2\/comments?post=8776"}],"version-history":[{"count":1,"href":"https:\/\/cpcs.ufms.br\/en\/wp-json\/wp\/v2\/pages\/8776\/revisions"}],"predecessor-version":[{"id":8777,"href":"https:\/\/cpcs.ufms.br\/en\/wp-json\/wp\/v2\/pages\/8776\/revisions\/8777"}],"up":[{"embeddable":true,"href":"https:\/\/cpcs.ufms.br\/en\/wp-json\/wp\/v2\/pages\/6952"}],"wp:attachment":[{"href":"https:\/\/cpcs.ufms.br\/en\/wp-json\/wp\/v2\/media?parent=8776"}],"wp:term":[{"taxonomy":"author","embeddable":true,"href":"https:\/\/cpcs.ufms.br\/en\/wp-json\/wp\/v2\/coauthors?post=8776"}],"curies":[{"name":"wp","href":"https:\/\/api.w.org\/{rel}","templated":true}]}}

Ana Carina da Silva Cândido Seron

<div><a href="https://cpcs.ufms.br/files/2023/02/ana-carina.jpeg"><img fetchpriority="high" decoding="async" class="size-medium wp-image-8774 aligncenter" src="https://cpcs.ufms.br/files/2023/02/ana-carina-218x300.jpeg" alt="" width="218" height="300" srcset="https://cpcs.ufms.br/files/2023/02/ana-carina-218x300.jpeg 218w, https://cpcs.ufms.br/files/2023/02/ana-carina-745x1024.jpeg 745w, https://cpcs.ufms.br/files/2023/02/ana-carina-768x1055.jpeg 768w, https://cpcs.ufms.br/files/2023/02/ana-carina-233x320.jpeg 233w, https://cpcs.ufms.br/files/2023/02/ana-carina.jpeg 918w" sizes="(max-width: 218px) 100vw, 218px" /></a></div>
<div>&nbsp;</div>
<div>&nbsp;</div>
<div>&nbsp;</div>
<div>
<table border="0" width="100%" cellpadding="0">
<tbody>
<tr>
<td width="17%"><strong>Doutorado</strong></td>
<td width="80%">Agronomia (Produção Vegetal), UFGD – Dourados, MS – 2011.</td>
</tr>
<tr>
<td width="17%"><strong>Mestrado</strong></td>
<td width="80%">Biologia Vegetal, UFMS – Campo Grande, MS – 2007.</td>
</tr>
<tr>
<td width="17%"><strong>Graduação</strong></td>
<td width="80%">Agronomia, UFMS – Chapadão do Sul, MS – 2021.<br />
Ciências Biológicas (Bacharelado), UFMS, Dourados, MS &#8211; 2004.</td>
</tr>
</tbody>
</table>
<p>&nbsp;</p>
<p><strong>Áreas e Linhas de Pesquisa:</strong></p>
<ul>
<li>Bioquímica e Fitoquímica de Plantas e Sementes</li>
</ul>
<p>&nbsp;</p>
<p><strong>E-mail:</strong> ana.candido@ufms.br</p>
<p><strong>Telefone:</strong> (67) 3562-6326</p>
<p style="text-align: center"><a href="http://lattes.cnpq.br/9955103286778985">(Currículo &#8211; Plataforma Lattes)</a></p>
</div>
<div>&nbsp;</div>
<p>&nbsp;</p>

<p>&nbsp; &nbsp; &nbsp; Doutorado Agronomia (Produção Vegetal), UFGD – Dourados, MS – 2011. Mestrado Biologia Vegetal, UFMS – Campo Grande, MS – 2007. Graduação Agronomia, UFMS – Chapadão do Sul, MS – 2021. Ciências Biológicas (Bacharelado), UFMS, Dourados, MS &#8211; 2004. &nbsp; Áreas e Linhas de Pesquisa: Bioquímica e Fitoquímica de Plantas e Sementes &nbsp; [&hellip;]</p>

<!-- This site is optimized with the Yoast SEO plugin v26.2 - https://yoast.com/wordpress/plugins/seo/ -->
<title>Ana Carina da Silva Cândido Seron - Campus de Chapadão do Sul</title>
<meta name="robots" content="index, follow, max-snippet:-1, max-image-preview:large, max-video-preview:-1" />
<link rel="canonical" href="https://cpcs.ufms.br/docentes/agronomia/ana-carina-da-silva-candido-seron/" />
<meta property="og:locale" content="en_US" />
<meta property="og:type" content="article" />
<meta property="og:title" content="Ana Carina da Silva Cândido Seron - Campus de Chapadão do Sul" />
<meta property="og:description" content="&nbsp; &nbsp; &nbsp; Doutorado Agronomia (Produção Vegetal), UFGD – Dourados, MS – 2011. Mestrado Biologia Vegetal, UFMS – Campo Grande, MS – 2007. Graduação Agronomia, UFMS – Chapadão do Sul, MS – 2021. Ciências Biológicas (Bacharelado), UFMS, Dourados, MS &#8211; 2004. &nbsp; Áreas e Linhas de Pesquisa: Bioquímica e Fitoquímica de Plantas e Sementes &nbsp; [&hellip;]" />
<meta property="og:url" content="https://cpcs.ufms.br/docentes/agronomia/ana-carina-da-silva-candido-seron/" />
<meta property="og:site_name" content="Campus de Chapadão do Sul" />
<meta property="og:image" content="https://cpcs.ufms.br/files/2023/02/ana-carina-218x300.jpeg" />
<meta name="twitter:label1" content="Est. reading time" />
	<meta name="twitter:data1" content="1 minute" />
	<meta name="twitter:label2" content="Written by" />
	<meta name="twitter:data2" content="Maik Oliveira Silva" />
<script type="application/ld+json" class="yoast-schema-graph">{"@context":"https://schema.org","@graph":[{"@type":"WebPage","@id":"https://cpcs.ufms.br/docentes/agronomia/ana-carina-da-silva-candido-seron/","url":"https://cpcs.ufms.br/docentes/agronomia/ana-carina-da-silva-candido-seron/","name":"Ana Carina da Silva Cândido Seron - Campus de Chapadão do Sul","isPartOf":{"@id":"https://cpcs.ufms.br/#website"},"primaryImageOfPage":{"@id":"https://cpcs.ufms.br/docentes/agronomia/ana-carina-da-silva-candido-seron/#primaryimage"},"image":{"@id":"https://cpcs.ufms.br/docentes/agronomia/ana-carina-da-silva-candido-seron/#primaryimage"},"thumbnailUrl":"https://cpcs.ufms.br/files/2023/02/ana-carina-218x300.jpeg","datePublished":"2023-03-01T12:40:29+00:00","breadcrumb":{"@id":"https://cpcs.ufms.br/docentes/agronomia/ana-carina-da-silva-candido-seron/#breadcrumb"},"inLanguage":"en-US","potentialAction":[{"@type":"ReadAction","target":["https://cpcs.ufms.br/docentes/agronomia/ana-carina-da-silva-candido-seron/"]}]},{"@type":"ImageObject","inLanguage":"en-US","@id":"https://cpcs.ufms.br/docentes/agronomia/ana-carina-da-silva-candido-seron/#primaryimage","url":"https://cpcs.ufms.br/files/2023/02/ana-carina-218x300.jpeg","contentUrl":"https://cpcs.ufms.br/files/2023/02/ana-carina-218x300.jpeg"},{"@type":"BreadcrumbList","@id":"https://cpcs.ufms.br/docentes/agronomia/ana-carina-da-silva-candido-seron/#breadcrumb","itemListElement":[{"@type":"ListItem","position":1,"name":"Início","item":"https://cpcs.ufms.br/"},{"@type":"ListItem","position":2,"name":"Docentes","item":"https://cpcs.ufms.br/docentes/"},{"@type":"ListItem","position":3,"name":"Agronomia","item":"https://cpcs.ufms.br/docentes/agronomia/"},{"@type":"ListItem","position":4,"name":"Ana Carina da Silva Cândido Seron"}]},{"@type":"WebSite","@id":"https://cpcs.ufms.br/#website","url":"https://cpcs.ufms.br/","name":"Campus de Chapadão do Sul","description":"Universidade Federal de Mato Grosso do Sul","potentialAction":[{"@type":"SearchAction","target":{"@type":"EntryPoint","urlTemplate":"https://cpcs.ufms.br/?s={search_term_string}"},"query-input":{"@type":"PropertyValueSpecification","valueRequired":true,"valueName":"search_term_string"}}],"inLanguage":"en-US"}]}</script>
<!-- / Yoast SEO plugin. -->

Ana Carina da Silva Cândido Seron - Campus de Chapadão do Sul

&nbsp; &nbsp; &nbsp; Doutorado Agronomia (Produção Vegetal), UFGD – Dourados, MS – 2011. Mestrado Biologia Vegetal, UFMS – Campo Grande, MS – 2007. Graduação Agronomia, UFMS – Chapadão do Sul, MS – 2021. Ciências Biológicas (Bacharelado), UFMS, Dourados, MS &#8211; 2004. &nbsp; Áreas e Linhas de Pesquisa: Bioquímica e Fitoquímica de Plantas e Sementes &nbsp; [&hellip;]

Campus de Chapadão do Sul

Início
