{"id":8301,"date":"2022-07-12T19:07:38","date_gmt":"2022-07-12T23:07:38","guid":{"rendered":"https:\/\/cpcs.ufms.br\/?page_id=8301"},"modified":"2022-07-13T07:28:44","modified_gmt":"2022-07-13T11:28:44","slug":"janaina-cabral-da-silva","status":"publish","type":"page","link":"https:\/\/cpcs.ufms.br\/en\/docentes\/administracao\/janaina-cabral-da-silva\/","title":{"rendered":"Jana\u00edna Cabral da Silva"},"content":{"rendered":"<p style=\"text-align: center\"><a href=\"https:\/\/cpcs.ufms.br\/files\/2022\/07\/foto-janaina.jpeg\"><img fetchpriority=\"high\" decoding=\"async\" class=\" wp-image-8305 aligncenter\" src=\"https:\/\/cpcs.ufms.br\/files\/2022\/07\/foto-janaina.jpeg\" alt=\"\" width=\"219\" height=\"256\" srcset=\"https:\/\/cpcs.ufms.br\/files\/2022\/07\/foto-janaina.jpeg 786w, https:\/\/cpcs.ufms.br\/files\/2022\/07\/foto-janaina-257x300.jpeg 257w, https:\/\/cpcs.ufms.br\/files\/2022\/07\/foto-janaina-768x898.jpeg 768w, https:\/\/cpcs.ufms.br\/files\/2022\/07\/foto-janaina-274x320.jpeg 274w, https:\/\/cpcs.ufms.br\/files\/2022\/07\/foto-janaina-600x702.jpeg 600w\" sizes=\"(max-width: 219px) 100vw, 219px\" \/><\/a><\/p>\n<p>&nbsp;<\/p>\n<table border=\"0\" width=\"100%\" cellpadding=\"0\">\n<tbody>\n<tr>\n<td width=\"17%\"><strong>Doutorado<\/strong><\/td>\n<td width=\"80%\">Doutorado em Economia,<span class=\"x_gmail-ajaxCAPES\">&nbsp;<\/span>UFU \u2013 2020.<\/td>\n<\/tr>\n<tr>\n<td width=\"17%\"><strong>Mestrado<\/strong><\/td>\n<td width=\"80%\">Mestrado em Economia Rural, UFC \u2013 2015.<\/td>\n<\/tr>\n<tr>\n<td width=\"17%\"><strong>Gradua\u00e7\u00e3o<\/strong><\/td>\n<td width=\"80%\">Gradua\u00e7\u00e3o em Ci\u00eancias Econ\u00f4micas, UFCG \u2013 2010.<\/td>\n<\/tr>\n<\/tbody>\n<\/table>\n<p>&nbsp;<\/p>\n<p><strong>\u00c1reas e Linhas de Pesquisa:<\/strong><\/p>\n<ul>\n<li>M\u00e9todos Quantitativos<\/li>\n<li>Desenvolvimento Econ\u00f4mico e Social<\/li>\n<li>Pobreza e Crescimento Econ\u00f4mico&nbsp;<\/li>\n<li>Investimento Direto Estrangeiro<\/li>\n<\/ul>\n<p>&nbsp;<\/p>\n<p><strong>E-mail:<\/strong>&nbsp;<a href=\"mailto:wallace_almeida@ufms.br\" target=\"_blank\" rel=\"noreferrer noopener\" data-auth=\"NotApplicable\" data-linkindex=\"0\">janaina.cabral@ufms.br<\/a><\/p>\n<p><strong>Telefone:<\/strong>&nbsp;(67) 3562-6310<\/p>\n<p style=\"text-align: center\"><a href=\"https:\/\/wwws.cnpq.br\/cvlattesweb\/PKG_MENU.menu?f_cod=1B1C4F238797D64ECA85003B012DB59B#\" target=\"_blank\" rel=\"noopener noreferrer\">(Curr\u00edculo &#8211; Plataforma Lattes)<\/a><\/p>\n","protected":false},"excerpt":{"rendered":"<p>&nbsp; Doutorado Doutorado em Economia,&nbsp;UFU \u2013 2020. Mestrado Mestrado em Economia Rural, UFC \u2013 2015. Gradua\u00e7\u00e3o Gradua\u00e7\u00e3o em Ci\u00eancias Econ\u00f4micas, UFCG \u2013 2010. &nbsp; \u00c1reas e Linhas de Pesquisa: M\u00e9todos Quantitativos Desenvolvimento Econ\u00f4mico e Social Pobreza e Crescimento Econ\u00f4mico&nbsp; Investimento Direto Estrangeiro &nbsp; E-mail:&nbsp;janaina.cabral@ufms.br Telefone:&nbsp;(67) 3562-6310 (Curr\u00edculo &#8211; Plataforma Lattes)<\/p>\n","protected":false},"author":35413,"featured_media":0,"parent":82,"menu_order":0,"comment_status":"closed","ping_status":"closed","template":"","meta":{"ngg_post_thumbnail":0,"footnotes":""},"coauthors":[39],"class_list":["post-8301","page","type-page","status-publish","hentry"],"yoast_head":"<!-- This site is optimized with the Yoast SEO plugin v26.2 - https:\/\/yoast.com\/wordpress\/plugins\/seo\/ -->\n<title>Jana\u00edna Cabral da Silva - Campus de Chapad\u00e3o do Sul<\/title>\n<meta name=\"robots\" content=\"index, follow, max-snippet:-1, max-image-preview:large, max-video-preview:-1\" \/>\n<link rel=\"canonical\" href=\"https:\/\/cpcs.ufms.br\/docentes\/administracao\/janaina-cabral-da-silva\/\" \/>\n<meta property=\"og:locale\" content=\"en_US\" \/>\n<meta property=\"og:type\" content=\"article\" \/>\n<meta property=\"og:title\" content=\"Jana\u00edna Cabral da Silva - Campus de Chapad\u00e3o do Sul\" \/>\n<meta property=\"og:description\" content=\"&nbsp; Doutorado Doutorado em Economia,&nbsp;UFU \u2013 2020. Mestrado Mestrado em Economia Rural, UFC \u2013 2015. Gradua\u00e7\u00e3o Gradua\u00e7\u00e3o em Ci\u00eancias Econ\u00f4micas, UFCG \u2013 2010. &nbsp; \u00c1reas e Linhas de Pesquisa: M\u00e9todos Quantitativos Desenvolvimento Econ\u00f4mico e Social Pobreza e Crescimento Econ\u00f4mico&nbsp; Investimento Direto Estrangeiro &nbsp; E-mail:&nbsp;janaina.cabral@ufms.br Telefone:&nbsp;(67) 3562-6310 (Curr\u00edculo &#8211; Plataforma Lattes)\" \/>\n<meta property=\"og:url\" content=\"https:\/\/cpcs.ufms.br\/docentes\/administracao\/janaina-cabral-da-silva\/\" \/>\n<meta property=\"og:site_name\" content=\"Campus de Chapad\u00e3o do Sul\" \/>\n<meta property=\"article:modified_time\" content=\"2022-07-13T11:28:44+00:00\" \/>\n<meta property=\"og:image\" content=\"https:\/\/cpcs.ufms.br\/files\/2022\/07\/foto-janaina.jpeg\" \/>\n<meta name=\"twitter:label1\" content=\"Est. reading time\" \/>\n\t<meta name=\"twitter:data1\" content=\"1 minute\" \/>\n\t<meta name=\"twitter:label2\" content=\"Written by\" \/>\n\t<meta name=\"twitter:data2\" content=\"Maik Oliveira Silva\" \/>\n<script type=\"application\/ld+json\" class=\"yoast-schema-graph\">{\"@context\":\"https:\/\/schema.org\",\"@graph\":[{\"@type\":\"WebPage\",\"@id\":\"https:\/\/cpcs.ufms.br\/docentes\/administracao\/janaina-cabral-da-silva\/\",\"url\":\"https:\/\/cpcs.ufms.br\/docentes\/administracao\/janaina-cabral-da-silva\/\",\"name\":\"Jana\u00edna Cabral da Silva - Campus de Chapad\u00e3o do Sul\",\"isPartOf\":{\"@id\":\"https:\/\/cpcs.ufms.br\/#website\"},\"primaryImageOfPage\":{\"@id\":\"https:\/\/cpcs.ufms.br\/docentes\/administracao\/janaina-cabral-da-silva\/#primaryimage\"},\"image\":{\"@id\":\"https:\/\/cpcs.ufms.br\/docentes\/administracao\/janaina-cabral-da-silva\/#primaryimage\"},\"thumbnailUrl\":\"https:\/\/cpcs.ufms.br\/files\/2022\/07\/foto-janaina.jpeg\",\"datePublished\":\"2022-07-12T23:07:38+00:00\",\"dateModified\":\"2022-07-13T11:28:44+00:00\",\"breadcrumb\":{\"@id\":\"https:\/\/cpcs.ufms.br\/docentes\/administracao\/janaina-cabral-da-silva\/#breadcrumb\"},\"inLanguage\":\"en-US\",\"potentialAction\":[{\"@type\":\"ReadAction\",\"target\":[\"https:\/\/cpcs.ufms.br\/docentes\/administracao\/janaina-cabral-da-silva\/\"]}]},{\"@type\":\"ImageObject\",\"inLanguage\":\"en-US\",\"@id\":\"https:\/\/cpcs.ufms.br\/docentes\/administracao\/janaina-cabral-da-silva\/#primaryimage\",\"url\":\"https:\/\/cpcs.ufms.br\/files\/2022\/07\/foto-janaina.jpeg\",\"contentUrl\":\"https:\/\/cpcs.ufms.br\/files\/2022\/07\/foto-janaina.jpeg\"},{\"@type\":\"BreadcrumbList\",\"@id\":\"https:\/\/cpcs.ufms.br\/docentes\/administracao\/janaina-cabral-da-silva\/#breadcrumb\",\"itemListElement\":[{\"@type\":\"ListItem\",\"position\":1,\"name\":\"In\u00edcio\",\"item\":\"https:\/\/cpcs.ufms.br\/\"},{\"@type\":\"ListItem\",\"position\":2,\"name\":\"Docentes\",\"item\":\"https:\/\/cpcs.ufms.br\/docentes\/\"},{\"@type\":\"ListItem\",\"position\":3,\"name\":\"Administra\u00e7\u00e3o\",\"item\":\"https:\/\/cpcs.ufms.br\/docentes\/administracao\/\"},{\"@type\":\"ListItem\",\"position\":4,\"name\":\"Jana\u00edna Cabral da Silva\"}]},{\"@type\":\"WebSite\",\"@id\":\"https:\/\/cpcs.ufms.br\/#website\",\"url\":\"https:\/\/cpcs.ufms.br\/\",\"name\":\"Campus de Chapad\u00e3o do Sul\",\"description\":\"Universidade Federal de Mato Grosso do Sul\",\"potentialAction\":[{\"@type\":\"SearchAction\",\"target\":{\"@type\":\"EntryPoint\",\"urlTemplate\":\"https:\/\/cpcs.ufms.br\/?s={search_term_string}\"},\"query-input\":{\"@type\":\"PropertyValueSpecification\",\"valueRequired\":true,\"valueName\":\"search_term_string\"}}],\"inLanguage\":\"en-US\"}]}<\/script>\n<!-- \/ Yoast SEO plugin. -->","yoast_head_json":{"title":"Jana\u00edna Cabral da Silva - Campus de Chapad\u00e3o do Sul","robots":{"index":"index","follow":"follow","max-snippet":"max-snippet:-1","max-image-preview":"max-image-preview:large","max-video-preview":"max-video-preview:-1"},"canonical":"https:\/\/cpcs.ufms.br\/docentes\/administracao\/janaina-cabral-da-silva\/","og_locale":"en_US","og_type":"article","og_title":"Jana\u00edna Cabral da Silva - Campus de Chapad\u00e3o do Sul","og_description":"&nbsp; Doutorado Doutorado em Economia,&nbsp;UFU \u2013 2020. Mestrado Mestrado em Economia Rural, UFC \u2013 2015. Gradua\u00e7\u00e3o Gradua\u00e7\u00e3o em Ci\u00eancias Econ\u00f4micas, UFCG \u2013 2010. &nbsp; \u00c1reas e Linhas de Pesquisa: M\u00e9todos Quantitativos Desenvolvimento Econ\u00f4mico e Social Pobreza e Crescimento Econ\u00f4mico&nbsp; Investimento Direto Estrangeiro &nbsp; E-mail:&nbsp;janaina.cabral@ufms.br Telefone:&nbsp;(67) 3562-6310 (Curr\u00edculo &#8211; Plataforma Lattes)","og_url":"https:\/\/cpcs.ufms.br\/docentes\/administracao\/janaina-cabral-da-silva\/","og_site_name":"Campus de Chapad\u00e3o do Sul","article_modified_time":"2022-07-13T11:28:44+00:00","og_image":[{"url":"https:\/\/cpcs.ufms.br\/files\/2022\/07\/foto-janaina.jpeg","type":"","width":"","height":""}],"twitter_misc":{"Est. reading time":"1 minute","Written by":"Maik Oliveira Silva"},"schema":{"@context":"https:\/\/schema.org","@graph":[{"@type":"WebPage","@id":"https:\/\/cpcs.ufms.br\/docentes\/administracao\/janaina-cabral-da-silva\/","url":"https:\/\/cpcs.ufms.br\/docentes\/administracao\/janaina-cabral-da-silva\/","name":"Jana\u00edna Cabral da Silva - Campus de Chapad\u00e3o do Sul","isPartOf":{"@id":"https:\/\/cpcs.ufms.br\/#website"},"primaryImageOfPage":{"@id":"https:\/\/cpcs.ufms.br\/docentes\/administracao\/janaina-cabral-da-silva\/#primaryimage"},"image":{"@id":"https:\/\/cpcs.ufms.br\/docentes\/administracao\/janaina-cabral-da-silva\/#primaryimage"},"thumbnailUrl":"https:\/\/cpcs.ufms.br\/files\/2022\/07\/foto-janaina.jpeg","datePublished":"2022-07-12T23:07:38+00:00","dateModified":"2022-07-13T11:28:44+00:00","breadcrumb":{"@id":"https:\/\/cpcs.ufms.br\/docentes\/administracao\/janaina-cabral-da-silva\/#breadcrumb"},"inLanguage":"en-US","potentialAction":[{"@type":"ReadAction","target":["https:\/\/cpcs.ufms.br\/docentes\/administracao\/janaina-cabral-da-silva\/"]}]},{"@type":"ImageObject","inLanguage":"en-US","@id":"https:\/\/cpcs.ufms.br\/docentes\/administracao\/janaina-cabral-da-silva\/#primaryimage","url":"https:\/\/cpcs.ufms.br\/files\/2022\/07\/foto-janaina.jpeg","contentUrl":"https:\/\/cpcs.ufms.br\/files\/2022\/07\/foto-janaina.jpeg"},{"@type":"BreadcrumbList","@id":"https:\/\/cpcs.ufms.br\/docentes\/administracao\/janaina-cabral-da-silva\/#breadcrumb","itemListElement":[{"@type":"ListItem","position":1,"name":"In\u00edcio","item":"https:\/\/cpcs.ufms.br\/"},{"@type":"ListItem","position":2,"name":"Docentes","item":"https:\/\/cpcs.ufms.br\/docentes\/"},{"@type":"ListItem","position":3,"name":"Administra\u00e7\u00e3o","item":"https:\/\/cpcs.ufms.br\/docentes\/administracao\/"},{"@type":"ListItem","position":4,"name":"Jana\u00edna Cabral da Silva"}]},{"@type":"WebSite","@id":"https:\/\/cpcs.ufms.br\/#website","url":"https:\/\/cpcs.ufms.br\/","name":"Campus de Chapad\u00e3o do Sul","description":"Universidade Federal de Mato Grosso do Sul","potentialAction":[{"@type":"SearchAction","target":{"@type":"EntryPoint","urlTemplate":"https:\/\/cpcs.ufms.br\/?s={search_term_string}"},"query-input":{"@type":"PropertyValueSpecification","valueRequired":true,"valueName":"search_term_string"}}],"inLanguage":"en-US"}]}},"_links":{"self":[{"href":"https:\/\/cpcs.ufms.br\/en\/wp-json\/wp\/v2\/pages\/8301","targetHints":{"allow":["GET"]}}],"collection":[{"href":"https:\/\/cpcs.ufms.br\/en\/wp-json\/wp\/v2\/pages"}],"about":[{"href":"https:\/\/cpcs.ufms.br\/en\/wp-json\/wp\/v2\/types\/page"}],"author":[{"embeddable":true,"href":"https:\/\/cpcs.ufms.br\/en\/wp-json\/wp\/v2\/users\/35413"}],"replies":[{"embeddable":true,"href":"https:\/\/cpcs.ufms.br\/en\/wp-json\/wp\/v2\/comments?post=8301"}],"version-history":[{"count":4,"href":"https:\/\/cpcs.ufms.br\/en\/wp-json\/wp\/v2\/pages\/8301\/revisions"}],"predecessor-version":[{"id":8309,"href":"https:\/\/cpcs.ufms.br\/en\/wp-json\/wp\/v2\/pages\/8301\/revisions\/8309"}],"up":[{"embeddable":true,"href":"https:\/\/cpcs.ufms.br\/en\/wp-json\/wp\/v2\/pages\/82"}],"wp:attachment":[{"href":"https:\/\/cpcs.ufms.br\/en\/wp-json\/wp\/v2\/media?parent=8301"}],"wp:term":[{"taxonomy":"author","embeddable":true,"href":"https:\/\/cpcs.ufms.br\/en\/wp-json\/wp\/v2\/coauthors?post=8301"}],"curies":[{"name":"wp","href":"https:\/\/api.w.org\/{rel}","templated":true}]}}

Janaína Cabral da Silva

<p style="text-align: center"><a href="https://cpcs.ufms.br/files/2022/07/foto-janaina.jpeg"><img fetchpriority="high" decoding="async" class=" wp-image-8305 aligncenter" src="https://cpcs.ufms.br/files/2022/07/foto-janaina.jpeg" alt="" width="219" height="256" srcset="https://cpcs.ufms.br/files/2022/07/foto-janaina.jpeg 786w, https://cpcs.ufms.br/files/2022/07/foto-janaina-257x300.jpeg 257w, https://cpcs.ufms.br/files/2022/07/foto-janaina-768x898.jpeg 768w, https://cpcs.ufms.br/files/2022/07/foto-janaina-274x320.jpeg 274w, https://cpcs.ufms.br/files/2022/07/foto-janaina-600x702.jpeg 600w" sizes="(max-width: 219px) 100vw, 219px" /></a></p>
<p>&nbsp;</p>
<table border="0" width="100%" cellpadding="0">
<tbody>
<tr>
<td width="17%"><strong>Doutorado</strong></td>
<td width="80%">Doutorado em Economia,<span class="x_gmail-ajaxCAPES">&nbsp;</span>UFU – 2020.</td>
</tr>
<tr>
<td width="17%"><strong>Mestrado</strong></td>
<td width="80%">Mestrado em Economia Rural, UFC – 2015.</td>
</tr>
<tr>
<td width="17%"><strong>Graduação</strong></td>
<td width="80%">Graduação em Ciências Econômicas, UFCG – 2010.</td>
</tr>
</tbody>
</table>
<p>&nbsp;</p>
<p><strong>Áreas e Linhas de Pesquisa:</strong></p>
<ul>
<li>Métodos Quantitativos</li>
<li>Desenvolvimento Econômico e Social</li>
<li>Pobreza e Crescimento Econômico&nbsp;</li>
<li>Investimento Direto Estrangeiro</li>
</ul>
<p>&nbsp;</p>
<p><strong>E-mail:</strong>&nbsp;<a href="mailto:wallace_almeida@ufms.br" target="_blank" rel="noreferrer noopener" data-auth="NotApplicable" data-linkindex="0">janaina.cabral@ufms.br</a></p>
<p><strong>Telefone:</strong>&nbsp;(67) 3562-6310</p>
<p style="text-align: center"><a href="https://wwws.cnpq.br/cvlattesweb/PKG_MENU.menu?f_cod=1B1C4F238797D64ECA85003B012DB59B#" target="_blank" rel="noopener noreferrer">(Currículo &#8211; Plataforma Lattes)</a></p>

<p>&nbsp; Doutorado Doutorado em Economia,&nbsp;UFU – 2020. Mestrado Mestrado em Economia Rural, UFC – 2015. Graduação Graduação em Ciências Econômicas, UFCG – 2010. &nbsp; Áreas e Linhas de Pesquisa: Métodos Quantitativos Desenvolvimento Econômico e Social Pobreza e Crescimento Econômico&nbsp; Investimento Direto Estrangeiro &nbsp; E-mail:&nbsp;janaina.cabral@ufms.br Telefone:&nbsp;(67) 3562-6310 (Currículo &#8211; Plataforma Lattes)</p>

<!-- This site is optimized with the Yoast SEO plugin v26.2 - https://yoast.com/wordpress/plugins/seo/ -->
<title>Janaína Cabral da Silva - Campus de Chapadão do Sul</title>
<meta name="robots" content="index, follow, max-snippet:-1, max-image-preview:large, max-video-preview:-1" />
<link rel="canonical" href="https://cpcs.ufms.br/docentes/administracao/janaina-cabral-da-silva/" />
<meta property="og:locale" content="en_US" />
<meta property="og:type" content="article" />
<meta property="og:title" content="Janaína Cabral da Silva - Campus de Chapadão do Sul" />
<meta property="og:description" content="&nbsp; Doutorado Doutorado em Economia,&nbsp;UFU – 2020. Mestrado Mestrado em Economia Rural, UFC – 2015. Graduação Graduação em Ciências Econômicas, UFCG – 2010. &nbsp; Áreas e Linhas de Pesquisa: Métodos Quantitativos Desenvolvimento Econômico e Social Pobreza e Crescimento Econômico&nbsp; Investimento Direto Estrangeiro &nbsp; E-mail:&nbsp;janaina.cabral@ufms.br Telefone:&nbsp;(67) 3562-6310 (Currículo &#8211; Plataforma Lattes)" />
<meta property="og:url" content="https://cpcs.ufms.br/docentes/administracao/janaina-cabral-da-silva/" />
<meta property="og:site_name" content="Campus de Chapadão do Sul" />
<meta property="article:modified_time" content="2022-07-13T11:28:44+00:00" />
<meta property="og:image" content="https://cpcs.ufms.br/files/2022/07/foto-janaina.jpeg" />
<meta name="twitter:label1" content="Est. reading time" />
	<meta name="twitter:data1" content="1 minute" />
	<meta name="twitter:label2" content="Written by" />
	<meta name="twitter:data2" content="Maik Oliveira Silva" />
<script type="application/ld+json" class="yoast-schema-graph">{"@context":"https://schema.org","@graph":[{"@type":"WebPage","@id":"https://cpcs.ufms.br/docentes/administracao/janaina-cabral-da-silva/","url":"https://cpcs.ufms.br/docentes/administracao/janaina-cabral-da-silva/","name":"Janaína Cabral da Silva - Campus de Chapadão do Sul","isPartOf":{"@id":"https://cpcs.ufms.br/#website"},"primaryImageOfPage":{"@id":"https://cpcs.ufms.br/docentes/administracao/janaina-cabral-da-silva/#primaryimage"},"image":{"@id":"https://cpcs.ufms.br/docentes/administracao/janaina-cabral-da-silva/#primaryimage"},"thumbnailUrl":"https://cpcs.ufms.br/files/2022/07/foto-janaina.jpeg","datePublished":"2022-07-12T23:07:38+00:00","dateModified":"2022-07-13T11:28:44+00:00","breadcrumb":{"@id":"https://cpcs.ufms.br/docentes/administracao/janaina-cabral-da-silva/#breadcrumb"},"inLanguage":"en-US","potentialAction":[{"@type":"ReadAction","target":["https://cpcs.ufms.br/docentes/administracao/janaina-cabral-da-silva/"]}]},{"@type":"ImageObject","inLanguage":"en-US","@id":"https://cpcs.ufms.br/docentes/administracao/janaina-cabral-da-silva/#primaryimage","url":"https://cpcs.ufms.br/files/2022/07/foto-janaina.jpeg","contentUrl":"https://cpcs.ufms.br/files/2022/07/foto-janaina.jpeg"},{"@type":"BreadcrumbList","@id":"https://cpcs.ufms.br/docentes/administracao/janaina-cabral-da-silva/#breadcrumb","itemListElement":[{"@type":"ListItem","position":1,"name":"Início","item":"https://cpcs.ufms.br/"},{"@type":"ListItem","position":2,"name":"Docentes","item":"https://cpcs.ufms.br/docentes/"},{"@type":"ListItem","position":3,"name":"Administração","item":"https://cpcs.ufms.br/docentes/administracao/"},{"@type":"ListItem","position":4,"name":"Janaína Cabral da Silva"}]},{"@type":"WebSite","@id":"https://cpcs.ufms.br/#website","url":"https://cpcs.ufms.br/","name":"Campus de Chapadão do Sul","description":"Universidade Federal de Mato Grosso do Sul","potentialAction":[{"@type":"SearchAction","target":{"@type":"EntryPoint","urlTemplate":"https://cpcs.ufms.br/?s={search_term_string}"},"query-input":{"@type":"PropertyValueSpecification","valueRequired":true,"valueName":"search_term_string"}}],"inLanguage":"en-US"}]}</script>
<!-- / Yoast SEO plugin. -->

Janaína Cabral da Silva - Campus de Chapadão do Sul

&nbsp; Doutorado Doutorado em Economia,&nbsp;UFU – 2020. Mestrado Mestrado em Economia Rural, UFC – 2015. Graduação Graduação em Ciências Econômicas, UFCG – 2010. &nbsp; Áreas e Linhas de Pesquisa: Métodos Quantitativos Desenvolvimento Econômico e Social Pobreza e Crescimento Econômico&nbsp; Investimento Direto Estrangeiro &nbsp; E-mail:&nbsp;janaina.cabral@ufms.br Telefone:&nbsp;(67) 3562-6310 (Currículo &#8211; Plataforma Lattes)

Campus de Chapadão do Sul

Início

Administração
