{"id":8251,"date":"2022-06-23T09:14:44","date_gmt":"2022-06-23T13:14:44","guid":{"rendered":"https:\/\/cpcs.ufms.br\/?page_id=8251"},"modified":"2022-06-23T09:25:15","modified_gmt":"2022-06-23T13:25:15","slug":"narle-silva-teixeira","status":"publish","type":"page","link":"https:\/\/cpcs.ufms.br\/en\/docentes\/administracao\/narle-silva-teixeira\/","title":{"rendered":"Narle Silva Teixeira"},"content":{"rendered":"<p style=\"text-align: center\"><a href=\"https:\/\/cpcs.ufms.br\/files\/2022\/06\/FotoNarle_02-e1655989739937.jpeg\"><img fetchpriority=\"high\" decoding=\"async\" class=\" wp-image-8252 aligncenter\" src=\"https:\/\/cpcs.ufms.br\/files\/2022\/06\/FotoNarle_02-e1655989739937.jpeg\" alt=\"\" width=\"203\" height=\"361\" srcset=\"https:\/\/cpcs.ufms.br\/files\/2022\/06\/FotoNarle_02-e1655989739937.jpeg 450w, https:\/\/cpcs.ufms.br\/files\/2022\/06\/FotoNarle_02-e1655989739937-180x320.jpeg 180w\" sizes=\"(max-width: 203px) 100vw, 203px\" \/><\/a><\/p>\n<table border=\"0\" width=\"100%\" cellpadding=\"0\">\n<tbody>\n<tr>\n<td width=\"17%\"><strong>Doutorado<\/strong><\/td>\n<td width=\"80%\">Ci\u00eancias da Educa\u00e7\u00e3o \u2013 UTAD \u2013 Vila Real \u2013 Portugal \u2013 Revalidado \u2013<br \/>\nEduca\u00e7\u00e3o \u2013 UFRJ&nbsp;\u2013 2018.<\/td>\n<\/tr>\n<tr>\n<td width=\"17%\"><strong>Mestrado<\/strong><\/td>\n<td width=\"80%\">Educa\u00e7\u00e3o, UFAM \u2013 2008.<\/td>\n<\/tr>\n<tr>\n<td width=\"17%\"><strong>Gradua\u00e7\u00e3o<\/strong><\/td>\n<td width=\"80%\">Marketing. UCAM \u2013 2003.<\/td>\n<\/tr>\n<\/tbody>\n<\/table>\n<p>&nbsp;<\/p>\n<p><strong>\u00c1reas e Linhas de Pesquisa:<\/strong><\/p>\n<ul>\n<li>Design de Neg\u00f3cios<\/li>\n<li>Pedagogia Empresarial<\/li>\n<li>Inova\u00e7\u00e3o em Educa\u00e7\u00e3o<\/li>\n<\/ul>\n<p>&nbsp;<\/p>\n<p><strong>E-mail:&nbsp;<\/strong>narle.teixeira@ufms.br<a href=\"#\"><br \/>\n<\/a><\/p>\n<p><strong>Telefone:&nbsp;<\/strong>(67) 3562-6310<\/p>\n<p>&nbsp;<\/p>\n<p style=\"text-align: center\"><a href=\"http:\/\/lattes.cnpq.br\/4230922211315667\" target=\"_blank\" rel=\"noopener noreferrer\">(Curr\u00edculo \u2013 Plataforma Lattes)<\/a><\/p>\n<p>&nbsp;<\/p>\n","protected":false},"excerpt":{"rendered":"<p>Doutorado Ci\u00eancias da Educa\u00e7\u00e3o \u2013 UTAD \u2013 Vila Real \u2013 Portugal \u2013 Revalidado \u2013 Educa\u00e7\u00e3o \u2013 UFRJ&nbsp;\u2013 2018. Mestrado Educa\u00e7\u00e3o, UFAM \u2013 2008. Gradua\u00e7\u00e3o Marketing. UCAM \u2013 2003. &nbsp; \u00c1reas e Linhas de Pesquisa: Design de Neg\u00f3cios Pedagogia Empresarial Inova\u00e7\u00e3o em Educa\u00e7\u00e3o &nbsp; E-mail:&nbsp;narle.teixeira@ufms.br Telefone:&nbsp;(67) 3562-6310 &nbsp; (Curr\u00edculo \u2013 Plataforma Lattes) &nbsp;<\/p>\n","protected":false},"author":35413,"featured_media":0,"parent":82,"menu_order":0,"comment_status":"closed","ping_status":"closed","template":"","meta":{"ngg_post_thumbnail":0,"footnotes":""},"coauthors":[39],"class_list":["post-8251","page","type-page","status-publish","hentry"],"yoast_head":"<!-- This site is optimized with the Yoast SEO plugin v26.2 - https:\/\/yoast.com\/wordpress\/plugins\/seo\/ -->\n<title>Narle Silva Teixeira - Campus de Chapad\u00e3o do Sul<\/title>\n<meta name=\"robots\" content=\"index, follow, max-snippet:-1, max-image-preview:large, max-video-preview:-1\" \/>\n<link rel=\"canonical\" href=\"https:\/\/cpcs.ufms.br\/docentes\/administracao\/narle-silva-teixeira\/\" \/>\n<meta property=\"og:locale\" content=\"en_US\" \/>\n<meta property=\"og:type\" content=\"article\" \/>\n<meta property=\"og:title\" content=\"Narle Silva Teixeira - Campus de Chapad\u00e3o do Sul\" \/>\n<meta property=\"og:description\" content=\"Doutorado Ci\u00eancias da Educa\u00e7\u00e3o \u2013 UTAD \u2013 Vila Real \u2013 Portugal \u2013 Revalidado \u2013 Educa\u00e7\u00e3o \u2013 UFRJ&nbsp;\u2013 2018. Mestrado Educa\u00e7\u00e3o, UFAM \u2013 2008. Gradua\u00e7\u00e3o Marketing. UCAM \u2013 2003. &nbsp; \u00c1reas e Linhas de Pesquisa: Design de Neg\u00f3cios Pedagogia Empresarial Inova\u00e7\u00e3o em Educa\u00e7\u00e3o &nbsp; E-mail:&nbsp;narle.teixeira@ufms.br Telefone:&nbsp;(67) 3562-6310 &nbsp; (Curr\u00edculo \u2013 Plataforma Lattes) &nbsp;\" \/>\n<meta property=\"og:url\" content=\"https:\/\/cpcs.ufms.br\/docentes\/administracao\/narle-silva-teixeira\/\" \/>\n<meta property=\"og:site_name\" content=\"Campus de Chapad\u00e3o do Sul\" \/>\n<meta property=\"article:modified_time\" content=\"2022-06-23T13:25:15+00:00\" \/>\n<meta property=\"og:image\" content=\"https:\/\/cpcs.ufms.br\/files\/2022\/06\/FotoNarle_02-e1655989739937.jpeg\" \/>\n<meta name=\"twitter:label1\" content=\"Est. reading time\" \/>\n\t<meta name=\"twitter:data1\" content=\"1 minute\" \/>\n\t<meta name=\"twitter:label2\" content=\"Written by\" \/>\n\t<meta name=\"twitter:data2\" content=\"Maik Oliveira Silva\" \/>\n<script type=\"application\/ld+json\" class=\"yoast-schema-graph\">{\"@context\":\"https:\/\/schema.org\",\"@graph\":[{\"@type\":\"WebPage\",\"@id\":\"https:\/\/cpcs.ufms.br\/docentes\/administracao\/narle-silva-teixeira\/\",\"url\":\"https:\/\/cpcs.ufms.br\/docentes\/administracao\/narle-silva-teixeira\/\",\"name\":\"Narle Silva Teixeira - Campus de Chapad\u00e3o do Sul\",\"isPartOf\":{\"@id\":\"https:\/\/cpcs.ufms.br\/#website\"},\"primaryImageOfPage\":{\"@id\":\"https:\/\/cpcs.ufms.br\/docentes\/administracao\/narle-silva-teixeira\/#primaryimage\"},\"image\":{\"@id\":\"https:\/\/cpcs.ufms.br\/docentes\/administracao\/narle-silva-teixeira\/#primaryimage\"},\"thumbnailUrl\":\"https:\/\/cpcs.ufms.br\/files\/2022\/06\/FotoNarle_02-e1655989739937.jpeg\",\"datePublished\":\"2022-06-23T13:14:44+00:00\",\"dateModified\":\"2022-06-23T13:25:15+00:00\",\"breadcrumb\":{\"@id\":\"https:\/\/cpcs.ufms.br\/docentes\/administracao\/narle-silva-teixeira\/#breadcrumb\"},\"inLanguage\":\"en-US\",\"potentialAction\":[{\"@type\":\"ReadAction\",\"target\":[\"https:\/\/cpcs.ufms.br\/docentes\/administracao\/narle-silva-teixeira\/\"]}]},{\"@type\":\"ImageObject\",\"inLanguage\":\"en-US\",\"@id\":\"https:\/\/cpcs.ufms.br\/docentes\/administracao\/narle-silva-teixeira\/#primaryimage\",\"url\":\"https:\/\/cpcs.ufms.br\/files\/2022\/06\/FotoNarle_02-e1655989739937.jpeg\",\"contentUrl\":\"https:\/\/cpcs.ufms.br\/files\/2022\/06\/FotoNarle_02-e1655989739937.jpeg\"},{\"@type\":\"BreadcrumbList\",\"@id\":\"https:\/\/cpcs.ufms.br\/docentes\/administracao\/narle-silva-teixeira\/#breadcrumb\",\"itemListElement\":[{\"@type\":\"ListItem\",\"position\":1,\"name\":\"In\u00edcio\",\"item\":\"https:\/\/cpcs.ufms.br\/\"},{\"@type\":\"ListItem\",\"position\":2,\"name\":\"Docentes\",\"item\":\"https:\/\/cpcs.ufms.br\/docentes\/\"},{\"@type\":\"ListItem\",\"position\":3,\"name\":\"Administra\u00e7\u00e3o\",\"item\":\"https:\/\/cpcs.ufms.br\/docentes\/administracao\/\"},{\"@type\":\"ListItem\",\"position\":4,\"name\":\"Narle Silva Teixeira\"}]},{\"@type\":\"WebSite\",\"@id\":\"https:\/\/cpcs.ufms.br\/#website\",\"url\":\"https:\/\/cpcs.ufms.br\/\",\"name\":\"Campus de Chapad\u00e3o do Sul\",\"description\":\"Universidade Federal de Mato Grosso do Sul\",\"potentialAction\":[{\"@type\":\"SearchAction\",\"target\":{\"@type\":\"EntryPoint\",\"urlTemplate\":\"https:\/\/cpcs.ufms.br\/?s={search_term_string}\"},\"query-input\":{\"@type\":\"PropertyValueSpecification\",\"valueRequired\":true,\"valueName\":\"search_term_string\"}}],\"inLanguage\":\"en-US\"}]}<\/script>\n<!-- \/ Yoast SEO plugin. -->","yoast_head_json":{"title":"Narle Silva Teixeira - Campus de Chapad\u00e3o do Sul","robots":{"index":"index","follow":"follow","max-snippet":"max-snippet:-1","max-image-preview":"max-image-preview:large","max-video-preview":"max-video-preview:-1"},"canonical":"https:\/\/cpcs.ufms.br\/docentes\/administracao\/narle-silva-teixeira\/","og_locale":"en_US","og_type":"article","og_title":"Narle Silva Teixeira - Campus de Chapad\u00e3o do Sul","og_description":"Doutorado Ci\u00eancias da Educa\u00e7\u00e3o \u2013 UTAD \u2013 Vila Real \u2013 Portugal \u2013 Revalidado \u2013 Educa\u00e7\u00e3o \u2013 UFRJ&nbsp;\u2013 2018. Mestrado Educa\u00e7\u00e3o, UFAM \u2013 2008. Gradua\u00e7\u00e3o Marketing. UCAM \u2013 2003. &nbsp; \u00c1reas e Linhas de Pesquisa: Design de Neg\u00f3cios Pedagogia Empresarial Inova\u00e7\u00e3o em Educa\u00e7\u00e3o &nbsp; E-mail:&nbsp;narle.teixeira@ufms.br Telefone:&nbsp;(67) 3562-6310 &nbsp; (Curr\u00edculo \u2013 Plataforma Lattes) &nbsp;","og_url":"https:\/\/cpcs.ufms.br\/docentes\/administracao\/narle-silva-teixeira\/","og_site_name":"Campus de Chapad\u00e3o do Sul","article_modified_time":"2022-06-23T13:25:15+00:00","og_image":[{"url":"https:\/\/cpcs.ufms.br\/files\/2022\/06\/FotoNarle_02-e1655989739937.jpeg","type":"","width":"","height":""}],"twitter_misc":{"Est. reading time":"1 minute","Written by":"Maik Oliveira Silva"},"schema":{"@context":"https:\/\/schema.org","@graph":[{"@type":"WebPage","@id":"https:\/\/cpcs.ufms.br\/docentes\/administracao\/narle-silva-teixeira\/","url":"https:\/\/cpcs.ufms.br\/docentes\/administracao\/narle-silva-teixeira\/","name":"Narle Silva Teixeira - Campus de Chapad\u00e3o do Sul","isPartOf":{"@id":"https:\/\/cpcs.ufms.br\/#website"},"primaryImageOfPage":{"@id":"https:\/\/cpcs.ufms.br\/docentes\/administracao\/narle-silva-teixeira\/#primaryimage"},"image":{"@id":"https:\/\/cpcs.ufms.br\/docentes\/administracao\/narle-silva-teixeira\/#primaryimage"},"thumbnailUrl":"https:\/\/cpcs.ufms.br\/files\/2022\/06\/FotoNarle_02-e1655989739937.jpeg","datePublished":"2022-06-23T13:14:44+00:00","dateModified":"2022-06-23T13:25:15+00:00","breadcrumb":{"@id":"https:\/\/cpcs.ufms.br\/docentes\/administracao\/narle-silva-teixeira\/#breadcrumb"},"inLanguage":"en-US","potentialAction":[{"@type":"ReadAction","target":["https:\/\/cpcs.ufms.br\/docentes\/administracao\/narle-silva-teixeira\/"]}]},{"@type":"ImageObject","inLanguage":"en-US","@id":"https:\/\/cpcs.ufms.br\/docentes\/administracao\/narle-silva-teixeira\/#primaryimage","url":"https:\/\/cpcs.ufms.br\/files\/2022\/06\/FotoNarle_02-e1655989739937.jpeg","contentUrl":"https:\/\/cpcs.ufms.br\/files\/2022\/06\/FotoNarle_02-e1655989739937.jpeg"},{"@type":"BreadcrumbList","@id":"https:\/\/cpcs.ufms.br\/docentes\/administracao\/narle-silva-teixeira\/#breadcrumb","itemListElement":[{"@type":"ListItem","position":1,"name":"In\u00edcio","item":"https:\/\/cpcs.ufms.br\/"},{"@type":"ListItem","position":2,"name":"Docentes","item":"https:\/\/cpcs.ufms.br\/docentes\/"},{"@type":"ListItem","position":3,"name":"Administra\u00e7\u00e3o","item":"https:\/\/cpcs.ufms.br\/docentes\/administracao\/"},{"@type":"ListItem","position":4,"name":"Narle Silva Teixeira"}]},{"@type":"WebSite","@id":"https:\/\/cpcs.ufms.br\/#website","url":"https:\/\/cpcs.ufms.br\/","name":"Campus de Chapad\u00e3o do Sul","description":"Universidade Federal de Mato Grosso do Sul","potentialAction":[{"@type":"SearchAction","target":{"@type":"EntryPoint","urlTemplate":"https:\/\/cpcs.ufms.br\/?s={search_term_string}"},"query-input":{"@type":"PropertyValueSpecification","valueRequired":true,"valueName":"search_term_string"}}],"inLanguage":"en-US"}]}},"_links":{"self":[{"href":"https:\/\/cpcs.ufms.br\/en\/wp-json\/wp\/v2\/pages\/8251","targetHints":{"allow":["GET"]}}],"collection":[{"href":"https:\/\/cpcs.ufms.br\/en\/wp-json\/wp\/v2\/pages"}],"about":[{"href":"https:\/\/cpcs.ufms.br\/en\/wp-json\/wp\/v2\/types\/page"}],"author":[{"embeddable":true,"href":"https:\/\/cpcs.ufms.br\/en\/wp-json\/wp\/v2\/users\/35413"}],"replies":[{"embeddable":true,"href":"https:\/\/cpcs.ufms.br\/en\/wp-json\/wp\/v2\/comments?post=8251"}],"version-history":[{"count":4,"href":"https:\/\/cpcs.ufms.br\/en\/wp-json\/wp\/v2\/pages\/8251\/revisions"}],"predecessor-version":[{"id":8257,"href":"https:\/\/cpcs.ufms.br\/en\/wp-json\/wp\/v2\/pages\/8251\/revisions\/8257"}],"up":[{"embeddable":true,"href":"https:\/\/cpcs.ufms.br\/en\/wp-json\/wp\/v2\/pages\/82"}],"wp:attachment":[{"href":"https:\/\/cpcs.ufms.br\/en\/wp-json\/wp\/v2\/media?parent=8251"}],"wp:term":[{"taxonomy":"author","embeddable":true,"href":"https:\/\/cpcs.ufms.br\/en\/wp-json\/wp\/v2\/coauthors?post=8251"}],"curies":[{"name":"wp","href":"https:\/\/api.w.org\/{rel}","templated":true}]}}

<p style="text-align: center"><a href="https://cpcs.ufms.br/files/2022/06/FotoNarle_02-e1655989739937.jpeg"><img fetchpriority="high" decoding="async" class=" wp-image-8252 aligncenter" src="https://cpcs.ufms.br/files/2022/06/FotoNarle_02-e1655989739937.jpeg" alt="" width="203" height="361" srcset="https://cpcs.ufms.br/files/2022/06/FotoNarle_02-e1655989739937.jpeg 450w, https://cpcs.ufms.br/files/2022/06/FotoNarle_02-e1655989739937-180x320.jpeg 180w" sizes="(max-width: 203px) 100vw, 203px" /></a></p>
<table border="0" width="100%" cellpadding="0">
<tbody>
<tr>
<td width="17%"><strong>Doutorado</strong></td>
<td width="80%">Ciências da Educação – UTAD – Vila Real – Portugal – Revalidado –<br />
Educação – UFRJ&nbsp;– 2018.</td>
</tr>
<tr>
<td width="17%"><strong>Mestrado</strong></td>
<td width="80%">Educação, UFAM – 2008.</td>
</tr>
<tr>
<td width="17%"><strong>Graduação</strong></td>
<td width="80%">Marketing. UCAM – 2003.</td>
</tr>
</tbody>
</table>
<p>&nbsp;</p>
<p><strong>Áreas e Linhas de Pesquisa:</strong></p>
<ul>
<li>Design de Negócios</li>
<li>Pedagogia Empresarial</li>
<li>Inovação em Educação</li>
</ul>
<p>&nbsp;</p>
<p><strong>E-mail:&nbsp;</strong>narle.teixeira@ufms.br<a href="#"><br />
</a></p>
<p><strong>Telefone:&nbsp;</strong>(67) 3562-6310</p>
<p>&nbsp;</p>
<p style="text-align: center"><a href="http://lattes.cnpq.br/4230922211315667" target="_blank" rel="noopener noreferrer">(Currículo – Plataforma Lattes)</a></p>
<p>&nbsp;</p>

<p>Doutorado Ciências da Educação – UTAD – Vila Real – Portugal – Revalidado – Educação – UFRJ&nbsp;– 2018. Mestrado Educação, UFAM – 2008. Graduação Marketing. UCAM – 2003. &nbsp; Áreas e Linhas de Pesquisa: Design de Negócios Pedagogia Empresarial Inovação em Educação &nbsp; E-mail:&nbsp;narle.teixeira@ufms.br Telefone:&nbsp;(67) 3562-6310 &nbsp; (Currículo – Plataforma Lattes) &nbsp;</p>

<!-- This site is optimized with the Yoast SEO plugin v26.2 - https://yoast.com/wordpress/plugins/seo/ -->
<title>Narle Silva Teixeira - Campus de Chapadão do Sul</title>
<meta name="robots" content="index, follow, max-snippet:-1, max-image-preview:large, max-video-preview:-1" />
<link rel="canonical" href="https://cpcs.ufms.br/docentes/administracao/narle-silva-teixeira/" />
<meta property="og:locale" content="en_US" />
<meta property="og:type" content="article" />
<meta property="og:title" content="Narle Silva Teixeira - Campus de Chapadão do Sul" />
<meta property="og:description" content="Doutorado Ciências da Educação – UTAD – Vila Real – Portugal – Revalidado – Educação – UFRJ&nbsp;– 2018. Mestrado Educação, UFAM – 2008. Graduação Marketing. UCAM – 2003. &nbsp; Áreas e Linhas de Pesquisa: Design de Negócios Pedagogia Empresarial Inovação em Educação &nbsp; E-mail:&nbsp;narle.teixeira@ufms.br Telefone:&nbsp;(67) 3562-6310 &nbsp; (Currículo – Plataforma Lattes) &nbsp;" />
<meta property="og:url" content="https://cpcs.ufms.br/docentes/administracao/narle-silva-teixeira/" />
<meta property="og:site_name" content="Campus de Chapadão do Sul" />
<meta property="article:modified_time" content="2022-06-23T13:25:15+00:00" />
<meta property="og:image" content="https://cpcs.ufms.br/files/2022/06/FotoNarle_02-e1655989739937.jpeg" />
<meta name="twitter:label1" content="Est. reading time" />
	<meta name="twitter:data1" content="1 minute" />
	<meta name="twitter:label2" content="Written by" />
	<meta name="twitter:data2" content="Maik Oliveira Silva" />
<script type="application/ld+json" class="yoast-schema-graph">{"@context":"https://schema.org","@graph":[{"@type":"WebPage","@id":"https://cpcs.ufms.br/docentes/administracao/narle-silva-teixeira/","url":"https://cpcs.ufms.br/docentes/administracao/narle-silva-teixeira/","name":"Narle Silva Teixeira - Campus de Chapadão do Sul","isPartOf":{"@id":"https://cpcs.ufms.br/#website"},"primaryImageOfPage":{"@id":"https://cpcs.ufms.br/docentes/administracao/narle-silva-teixeira/#primaryimage"},"image":{"@id":"https://cpcs.ufms.br/docentes/administracao/narle-silva-teixeira/#primaryimage"},"thumbnailUrl":"https://cpcs.ufms.br/files/2022/06/FotoNarle_02-e1655989739937.jpeg","datePublished":"2022-06-23T13:14:44+00:00","dateModified":"2022-06-23T13:25:15+00:00","breadcrumb":{"@id":"https://cpcs.ufms.br/docentes/administracao/narle-silva-teixeira/#breadcrumb"},"inLanguage":"en-US","potentialAction":[{"@type":"ReadAction","target":["https://cpcs.ufms.br/docentes/administracao/narle-silva-teixeira/"]}]},{"@type":"ImageObject","inLanguage":"en-US","@id":"https://cpcs.ufms.br/docentes/administracao/narle-silva-teixeira/#primaryimage","url":"https://cpcs.ufms.br/files/2022/06/FotoNarle_02-e1655989739937.jpeg","contentUrl":"https://cpcs.ufms.br/files/2022/06/FotoNarle_02-e1655989739937.jpeg"},{"@type":"BreadcrumbList","@id":"https://cpcs.ufms.br/docentes/administracao/narle-silva-teixeira/#breadcrumb","itemListElement":[{"@type":"ListItem","position":1,"name":"Início","item":"https://cpcs.ufms.br/"},{"@type":"ListItem","position":2,"name":"Docentes","item":"https://cpcs.ufms.br/docentes/"},{"@type":"ListItem","position":3,"name":"Administração","item":"https://cpcs.ufms.br/docentes/administracao/"},{"@type":"ListItem","position":4,"name":"Narle Silva Teixeira"}]},{"@type":"WebSite","@id":"https://cpcs.ufms.br/#website","url":"https://cpcs.ufms.br/","name":"Campus de Chapadão do Sul","description":"Universidade Federal de Mato Grosso do Sul","potentialAction":[{"@type":"SearchAction","target":{"@type":"EntryPoint","urlTemplate":"https://cpcs.ufms.br/?s={search_term_string}"},"query-input":{"@type":"PropertyValueSpecification","valueRequired":true,"valueName":"search_term_string"}}],"inLanguage":"en-US"}]}</script>
<!-- / Yoast SEO plugin. -->

Narle Silva Teixeira - Campus de Chapadão do Sul

Doutorado Ciências da Educação – UTAD – Vila Real – Portugal – Revalidado – Educação – UFRJ&nbsp;– 2018. Mestrado Educação, UFAM – 2008. Graduação Marketing. UCAM – 2003. &nbsp; Áreas e Linhas de Pesquisa: Design de Negócios Pedagogia Empresarial Inovação em Educação &nbsp; E-mail:&nbsp;narle.teixeira@ufms.br Telefone:&nbsp;(67) 3562-6310 &nbsp; (Currículo – Plataforma Lattes) &nbsp;

Campus de Chapadão do Sul

Início

Administração
