{"id":8120,"date":"2022-06-06T14:58:10","date_gmt":"2022-06-06T18:58:10","guid":{"rendered":"https:\/\/cpcs.ufms.br\/?page_id=8120"},"modified":"2023-12-21T16:06:12","modified_gmt":"2023-12-21T20:06:12","slug":"rafael-barreto","status":"publish","type":"page","link":"https:\/\/cpcs.ufms.br\/en\/docentes\/agronomia\/rafael-barreto\/","title":{"rendered":"Rafael Ferreira Barreto"},"content":{"rendered":"<p style=\"text-align: center\"><a href=\"https:\/\/cpcs.ufms.br\/files\/2022\/06\/rafael-barreto.jpeg\"><img decoding=\"async\" class=\"wp-image-8102 aligncenter\" src=\"https:\/\/cpcs.ufms.br\/files\/2022\/06\/rafael-barreto.jpeg\" alt=\"\" width=\"164\" height=\"220\" srcset=\"https:\/\/cpcs.ufms.br\/files\/2022\/06\/rafael-barreto.jpeg 885w, https:\/\/cpcs.ufms.br\/files\/2022\/06\/rafael-barreto-223x300.jpeg 223w, https:\/\/cpcs.ufms.br\/files\/2022\/06\/rafael-barreto-762x1024.jpeg 762w, https:\/\/cpcs.ufms.br\/files\/2022\/06\/rafael-barreto-768x1033.jpeg 768w, https:\/\/cpcs.ufms.br\/files\/2022\/06\/rafael-barreto-238x320.jpeg 238w, https:\/\/cpcs.ufms.br\/files\/2022\/06\/rafael-barreto-600x807.jpeg 600w\" sizes=\"(max-width: 164px) 100vw, 164px\" \/><\/a><\/p>\n<p>&nbsp;<\/p>\n<table style=\"width: 100%\" border=\"0\" width=\"100%\" cellpadding=\"0\">\n<tbody>\n<tr>\n<td style=\"width: 21.0585%\"><strong>Est\u00e1gio em P\u00f3s-Doutorado<\/strong><\/td>\n<td style=\"width: 74.9415%\">UNESP\/FCAV &#8211; 2020.<\/td>\n<\/tr>\n<tr>\n<td style=\"width: 21.0585%\"><strong>Doutorado<\/strong><\/td>\n<td style=\"width: 74.9415%\">Agronomia (Produ\u00e7\u00e3o Vegetal), UNESP\/FCAV &#8211; 2019.<\/td>\n<\/tr>\n<tr>\n<td style=\"width: 21.0585%\"><strong>Mestrado<\/strong><\/td>\n<td style=\"width: 74.9415%\">Agronomia (Produ\u00e7\u00e3o Vegetal), UFMS &#8211; CPCS &#8211; 2016.<\/td>\n<\/tr>\n<tr>\n<td style=\"width: 21.0585%\"><strong>Gradua\u00e7\u00e3o<\/strong><\/td>\n<td style=\"width: 74.9415%\">Agronomia, UEMS\/UUC &#8211; 2014.<\/td>\n<\/tr>\n<\/tbody>\n<\/table>\n<p>&nbsp;<\/p>\n<p><strong>\u00c1reas e Linhas de Pesquisa:<\/strong><\/p>\n<ul>\n<li>\u00a0Nutri\u00e7\u00e3o de plantas<\/li>\n<li>\u00a0Cultivo hidrop\u00f4nico<\/li>\n<\/ul>\n<p><strong>E-mail:<\/strong> rafael.barreto@ufms.br<\/p>\n<p><strong data-uw-styling-context=\"true\">Telefone:<\/strong> (67) 3562-6351<\/p>\n<p style=\"text-align: center\"><a href=\"http:\/\/lattes.cnpq.br\/9780966623934790\" target=\"_blank\" rel=\"noopener noreferrer\">(Curr\u00edculo &#8211; Plataforma Lattes)<\/a><\/p>\n","protected":false},"excerpt":{"rendered":"<p>&nbsp; Est\u00e1gio em P\u00f3s-Doutorado UNESP\/FCAV &#8211; 2020. Doutorado Agronomia (Produ\u00e7\u00e3o Vegetal), UNESP\/FCAV &#8211; 2019. Mestrado Agronomia (Produ\u00e7\u00e3o Vegetal), UFMS &#8211; CPCS &#8211; 2016. Gradua\u00e7\u00e3o Agronomia, UEMS\/UUC &#8211; 2014. &nbsp; \u00c1reas e Linhas de Pesquisa: \u00a0Nutri\u00e7\u00e3o de plantas \u00a0Cultivo hidrop\u00f4nico E-mail: rafael.barreto@ufms.br Telefone: (67) 3562-6351 (Curr\u00edculo &#8211; Plataforma Lattes)<\/p>\n","protected":false},"author":35413,"featured_media":0,"parent":6952,"menu_order":0,"comment_status":"closed","ping_status":"closed","template":"","meta":{"ngg_post_thumbnail":0,"footnotes":""},"coauthors":[39],"class_list":["post-8120","page","type-page","status-publish","hentry"],"yoast_head":"<!-- This site is optimized with the Yoast SEO plugin v26.2 - https:\/\/yoast.com\/wordpress\/plugins\/seo\/ -->\n<title>Rafael Ferreira Barreto - Campus de Chapad\u00e3o do Sul<\/title>\n<meta name=\"robots\" content=\"index, follow, max-snippet:-1, max-image-preview:large, max-video-preview:-1\" \/>\n<link rel=\"canonical\" href=\"https:\/\/cpcs.ufms.br\/docentes\/agronomia\/rafael-barreto\/\" \/>\n<meta property=\"og:locale\" content=\"en_US\" \/>\n<meta property=\"og:type\" content=\"article\" \/>\n<meta property=\"og:title\" content=\"Rafael Ferreira Barreto - Campus de Chapad\u00e3o do Sul\" \/>\n<meta property=\"og:description\" content=\"&nbsp; Est\u00e1gio em P\u00f3s-Doutorado UNESP\/FCAV &#8211; 2020. Doutorado Agronomia (Produ\u00e7\u00e3o Vegetal), UNESP\/FCAV &#8211; 2019. Mestrado Agronomia (Produ\u00e7\u00e3o Vegetal), UFMS &#8211; CPCS &#8211; 2016. Gradua\u00e7\u00e3o Agronomia, UEMS\/UUC &#8211; 2014. &nbsp; \u00c1reas e Linhas de Pesquisa: \u00a0Nutri\u00e7\u00e3o de plantas \u00a0Cultivo hidrop\u00f4nico E-mail: rafael.barreto@ufms.br Telefone: (67) 3562-6351 (Curr\u00edculo &#8211; Plataforma Lattes)\" \/>\n<meta property=\"og:url\" content=\"https:\/\/cpcs.ufms.br\/docentes\/agronomia\/rafael-barreto\/\" \/>\n<meta property=\"og:site_name\" content=\"Campus de Chapad\u00e3o do Sul\" \/>\n<meta property=\"article:modified_time\" content=\"2023-12-21T20:06:12+00:00\" \/>\n<meta property=\"og:image\" content=\"https:\/\/cpcs.ufms.br\/files\/2022\/06\/rafael-barreto.jpeg\" \/>\n<meta name=\"twitter:label1\" content=\"Est. reading time\" \/>\n\t<meta name=\"twitter:data1\" content=\"1 minute\" \/>\n\t<meta name=\"twitter:label2\" content=\"Written by\" \/>\n\t<meta name=\"twitter:data2\" content=\"Maik Oliveira Silva\" \/>\n<script type=\"application\/ld+json\" class=\"yoast-schema-graph\">{\"@context\":\"https:\/\/schema.org\",\"@graph\":[{\"@type\":\"WebPage\",\"@id\":\"https:\/\/cpcs.ufms.br\/docentes\/agronomia\/rafael-barreto\/\",\"url\":\"https:\/\/cpcs.ufms.br\/docentes\/agronomia\/rafael-barreto\/\",\"name\":\"Rafael Ferreira Barreto - Campus de Chapad\u00e3o do Sul\",\"isPartOf\":{\"@id\":\"https:\/\/cpcs.ufms.br\/#website\"},\"primaryImageOfPage\":{\"@id\":\"https:\/\/cpcs.ufms.br\/docentes\/agronomia\/rafael-barreto\/#primaryimage\"},\"image\":{\"@id\":\"https:\/\/cpcs.ufms.br\/docentes\/agronomia\/rafael-barreto\/#primaryimage\"},\"thumbnailUrl\":\"https:\/\/cpcs.ufms.br\/files\/2022\/06\/rafael-barreto.jpeg\",\"datePublished\":\"2022-06-06T18:58:10+00:00\",\"dateModified\":\"2023-12-21T20:06:12+00:00\",\"breadcrumb\":{\"@id\":\"https:\/\/cpcs.ufms.br\/docentes\/agronomia\/rafael-barreto\/#breadcrumb\"},\"inLanguage\":\"en-US\",\"potentialAction\":[{\"@type\":\"ReadAction\",\"target\":[\"https:\/\/cpcs.ufms.br\/docentes\/agronomia\/rafael-barreto\/\"]}]},{\"@type\":\"ImageObject\",\"inLanguage\":\"en-US\",\"@id\":\"https:\/\/cpcs.ufms.br\/docentes\/agronomia\/rafael-barreto\/#primaryimage\",\"url\":\"https:\/\/cpcs.ufms.br\/files\/2022\/06\/rafael-barreto.jpeg\",\"contentUrl\":\"https:\/\/cpcs.ufms.br\/files\/2022\/06\/rafael-barreto.jpeg\"},{\"@type\":\"BreadcrumbList\",\"@id\":\"https:\/\/cpcs.ufms.br\/docentes\/agronomia\/rafael-barreto\/#breadcrumb\",\"itemListElement\":[{\"@type\":\"ListItem\",\"position\":1,\"name\":\"In\u00edcio\",\"item\":\"https:\/\/cpcs.ufms.br\/\"},{\"@type\":\"ListItem\",\"position\":2,\"name\":\"Docentes\",\"item\":\"https:\/\/cpcs.ufms.br\/docentes\/\"},{\"@type\":\"ListItem\",\"position\":3,\"name\":\"Agronomia\",\"item\":\"https:\/\/cpcs.ufms.br\/docentes\/agronomia\/\"},{\"@type\":\"ListItem\",\"position\":4,\"name\":\"Rafael Ferreira Barreto\"}]},{\"@type\":\"WebSite\",\"@id\":\"https:\/\/cpcs.ufms.br\/#website\",\"url\":\"https:\/\/cpcs.ufms.br\/\",\"name\":\"Campus de Chapad\u00e3o do Sul\",\"description\":\"Universidade Federal de Mato Grosso do Sul\",\"potentialAction\":[{\"@type\":\"SearchAction\",\"target\":{\"@type\":\"EntryPoint\",\"urlTemplate\":\"https:\/\/cpcs.ufms.br\/?s={search_term_string}\"},\"query-input\":{\"@type\":\"PropertyValueSpecification\",\"valueRequired\":true,\"valueName\":\"search_term_string\"}}],\"inLanguage\":\"en-US\"}]}<\/script>\n<!-- \/ Yoast SEO plugin. -->","yoast_head_json":{"title":"Rafael Ferreira Barreto - Campus de Chapad\u00e3o do Sul","robots":{"index":"index","follow":"follow","max-snippet":"max-snippet:-1","max-image-preview":"max-image-preview:large","max-video-preview":"max-video-preview:-1"},"canonical":"https:\/\/cpcs.ufms.br\/docentes\/agronomia\/rafael-barreto\/","og_locale":"en_US","og_type":"article","og_title":"Rafael Ferreira Barreto - Campus de Chapad\u00e3o do Sul","og_description":"&nbsp; Est\u00e1gio em P\u00f3s-Doutorado UNESP\/FCAV &#8211; 2020. Doutorado Agronomia (Produ\u00e7\u00e3o Vegetal), UNESP\/FCAV &#8211; 2019. Mestrado Agronomia (Produ\u00e7\u00e3o Vegetal), UFMS &#8211; CPCS &#8211; 2016. Gradua\u00e7\u00e3o Agronomia, UEMS\/UUC &#8211; 2014. &nbsp; \u00c1reas e Linhas de Pesquisa: \u00a0Nutri\u00e7\u00e3o de plantas \u00a0Cultivo hidrop\u00f4nico E-mail: rafael.barreto@ufms.br Telefone: (67) 3562-6351 (Curr\u00edculo &#8211; Plataforma Lattes)","og_url":"https:\/\/cpcs.ufms.br\/docentes\/agronomia\/rafael-barreto\/","og_site_name":"Campus de Chapad\u00e3o do Sul","article_modified_time":"2023-12-21T20:06:12+00:00","og_image":[{"url":"https:\/\/cpcs.ufms.br\/files\/2022\/06\/rafael-barreto.jpeg","type":"","width":"","height":""}],"twitter_misc":{"Est. reading time":"1 minute","Written by":"Maik Oliveira Silva"},"schema":{"@context":"https:\/\/schema.org","@graph":[{"@type":"WebPage","@id":"https:\/\/cpcs.ufms.br\/docentes\/agronomia\/rafael-barreto\/","url":"https:\/\/cpcs.ufms.br\/docentes\/agronomia\/rafael-barreto\/","name":"Rafael Ferreira Barreto - Campus de Chapad\u00e3o do Sul","isPartOf":{"@id":"https:\/\/cpcs.ufms.br\/#website"},"primaryImageOfPage":{"@id":"https:\/\/cpcs.ufms.br\/docentes\/agronomia\/rafael-barreto\/#primaryimage"},"image":{"@id":"https:\/\/cpcs.ufms.br\/docentes\/agronomia\/rafael-barreto\/#primaryimage"},"thumbnailUrl":"https:\/\/cpcs.ufms.br\/files\/2022\/06\/rafael-barreto.jpeg","datePublished":"2022-06-06T18:58:10+00:00","dateModified":"2023-12-21T20:06:12+00:00","breadcrumb":{"@id":"https:\/\/cpcs.ufms.br\/docentes\/agronomia\/rafael-barreto\/#breadcrumb"},"inLanguage":"en-US","potentialAction":[{"@type":"ReadAction","target":["https:\/\/cpcs.ufms.br\/docentes\/agronomia\/rafael-barreto\/"]}]},{"@type":"ImageObject","inLanguage":"en-US","@id":"https:\/\/cpcs.ufms.br\/docentes\/agronomia\/rafael-barreto\/#primaryimage","url":"https:\/\/cpcs.ufms.br\/files\/2022\/06\/rafael-barreto.jpeg","contentUrl":"https:\/\/cpcs.ufms.br\/files\/2022\/06\/rafael-barreto.jpeg"},{"@type":"BreadcrumbList","@id":"https:\/\/cpcs.ufms.br\/docentes\/agronomia\/rafael-barreto\/#breadcrumb","itemListElement":[{"@type":"ListItem","position":1,"name":"In\u00edcio","item":"https:\/\/cpcs.ufms.br\/"},{"@type":"ListItem","position":2,"name":"Docentes","item":"https:\/\/cpcs.ufms.br\/docentes\/"},{"@type":"ListItem","position":3,"name":"Agronomia","item":"https:\/\/cpcs.ufms.br\/docentes\/agronomia\/"},{"@type":"ListItem","position":4,"name":"Rafael Ferreira Barreto"}]},{"@type":"WebSite","@id":"https:\/\/cpcs.ufms.br\/#website","url":"https:\/\/cpcs.ufms.br\/","name":"Campus de Chapad\u00e3o do Sul","description":"Universidade Federal de Mato Grosso do Sul","potentialAction":[{"@type":"SearchAction","target":{"@type":"EntryPoint","urlTemplate":"https:\/\/cpcs.ufms.br\/?s={search_term_string}"},"query-input":{"@type":"PropertyValueSpecification","valueRequired":true,"valueName":"search_term_string"}}],"inLanguage":"en-US"}]}},"_links":{"self":[{"href":"https:\/\/cpcs.ufms.br\/en\/wp-json\/wp\/v2\/pages\/8120","targetHints":{"allow":["GET"]}}],"collection":[{"href":"https:\/\/cpcs.ufms.br\/en\/wp-json\/wp\/v2\/pages"}],"about":[{"href":"https:\/\/cpcs.ufms.br\/en\/wp-json\/wp\/v2\/types\/page"}],"author":[{"embeddable":true,"href":"https:\/\/cpcs.ufms.br\/en\/wp-json\/wp\/v2\/users\/35413"}],"replies":[{"embeddable":true,"href":"https:\/\/cpcs.ufms.br\/en\/wp-json\/wp\/v2\/comments?post=8120"}],"version-history":[{"count":6,"href":"https:\/\/cpcs.ufms.br\/en\/wp-json\/wp\/v2\/pages\/8120\/revisions"}],"predecessor-version":[{"id":10245,"href":"https:\/\/cpcs.ufms.br\/en\/wp-json\/wp\/v2\/pages\/8120\/revisions\/10245"}],"up":[{"embeddable":true,"href":"https:\/\/cpcs.ufms.br\/en\/wp-json\/wp\/v2\/pages\/6952"}],"wp:attachment":[{"href":"https:\/\/cpcs.ufms.br\/en\/wp-json\/wp\/v2\/media?parent=8120"}],"wp:term":[{"taxonomy":"author","embeddable":true,"href":"https:\/\/cpcs.ufms.br\/en\/wp-json\/wp\/v2\/coauthors?post=8120"}],"curies":[{"name":"wp","href":"https:\/\/api.w.org\/{rel}","templated":true}]}}

<p style="text-align: center"><a href="https://cpcs.ufms.br/files/2022/06/rafael-barreto.jpeg"><img decoding="async" class="wp-image-8102 aligncenter" src="https://cpcs.ufms.br/files/2022/06/rafael-barreto.jpeg" alt="" width="164" height="220" srcset="https://cpcs.ufms.br/files/2022/06/rafael-barreto.jpeg 885w, https://cpcs.ufms.br/files/2022/06/rafael-barreto-223x300.jpeg 223w, https://cpcs.ufms.br/files/2022/06/rafael-barreto-762x1024.jpeg 762w, https://cpcs.ufms.br/files/2022/06/rafael-barreto-768x1033.jpeg 768w, https://cpcs.ufms.br/files/2022/06/rafael-barreto-238x320.jpeg 238w, https://cpcs.ufms.br/files/2022/06/rafael-barreto-600x807.jpeg 600w" sizes="(max-width: 164px) 100vw, 164px" /></a></p>
<p>&nbsp;</p>
<table style="width: 100%" border="0" width="100%" cellpadding="0">
<tbody>
<tr>
<td style="width: 21.0585%"><strong>Estágio em Pós-Doutorado</strong></td>
<td style="width: 74.9415%">UNESP/FCAV &#8211; 2020.</td>
</tr>
<tr>
<td style="width: 21.0585%"><strong>Doutorado</strong></td>
<td style="width: 74.9415%">Agronomia (Produção Vegetal), UNESP/FCAV &#8211; 2019.</td>
</tr>
<tr>
<td style="width: 21.0585%"><strong>Mestrado</strong></td>
<td style="width: 74.9415%">Agronomia (Produção Vegetal), UFMS &#8211; CPCS &#8211; 2016.</td>
</tr>
<tr>
<td style="width: 21.0585%"><strong>Graduação</strong></td>
<td style="width: 74.9415%">Agronomia, UEMS/UUC &#8211; 2014.</td>
</tr>
</tbody>
</table>
<p>&nbsp;</p>
<p><strong>Áreas e Linhas de Pesquisa:</strong></p>
<ul>
<li> Nutrição de plantas</li>
<li> Cultivo hidropônico</li>
</ul>
<p><strong>E-mail:</strong> rafael.barreto@ufms.br</p>
<p><strong data-uw-styling-context="true">Telefone:</strong> (67) 3562-6351</p>
<p style="text-align: center"><a href="http://lattes.cnpq.br/9780966623934790" target="_blank" rel="noopener noreferrer">(Currículo &#8211; Plataforma Lattes)</a></p>

<p>&nbsp; Estágio em Pós-Doutorado UNESP/FCAV &#8211; 2020. Doutorado Agronomia (Produção Vegetal), UNESP/FCAV &#8211; 2019. Mestrado Agronomia (Produção Vegetal), UFMS &#8211; CPCS &#8211; 2016. Graduação Agronomia, UEMS/UUC &#8211; 2014. &nbsp; Áreas e Linhas de Pesquisa:  Nutrição de plantas  Cultivo hidropônico E-mail: rafael.barreto@ufms.br Telefone: (67) 3562-6351 (Currículo &#8211; Plataforma Lattes)</p>

<!-- This site is optimized with the Yoast SEO plugin v26.2 - https://yoast.com/wordpress/plugins/seo/ -->
<title>Rafael Ferreira Barreto - Campus de Chapadão do Sul</title>
<meta name="robots" content="index, follow, max-snippet:-1, max-image-preview:large, max-video-preview:-1" />
<link rel="canonical" href="https://cpcs.ufms.br/docentes/agronomia/rafael-barreto/" />
<meta property="og:locale" content="en_US" />
<meta property="og:type" content="article" />
<meta property="og:title" content="Rafael Ferreira Barreto - Campus de Chapadão do Sul" />
<meta property="og:description" content="&nbsp; Estágio em Pós-Doutorado UNESP/FCAV &#8211; 2020. Doutorado Agronomia (Produção Vegetal), UNESP/FCAV &#8211; 2019. Mestrado Agronomia (Produção Vegetal), UFMS &#8211; CPCS &#8211; 2016. Graduação Agronomia, UEMS/UUC &#8211; 2014. &nbsp; Áreas e Linhas de Pesquisa:  Nutrição de plantas  Cultivo hidropônico E-mail: rafael.barreto@ufms.br Telefone: (67) 3562-6351 (Currículo &#8211; Plataforma Lattes)" />
<meta property="og:url" content="https://cpcs.ufms.br/docentes/agronomia/rafael-barreto/" />
<meta property="og:site_name" content="Campus de Chapadão do Sul" />
<meta property="article:modified_time" content="2023-12-21T20:06:12+00:00" />
<meta property="og:image" content="https://cpcs.ufms.br/files/2022/06/rafael-barreto.jpeg" />
<meta name="twitter:label1" content="Est. reading time" />
	<meta name="twitter:data1" content="1 minute" />
	<meta name="twitter:label2" content="Written by" />
	<meta name="twitter:data2" content="Maik Oliveira Silva" />
<script type="application/ld+json" class="yoast-schema-graph">{"@context":"https://schema.org","@graph":[{"@type":"WebPage","@id":"https://cpcs.ufms.br/docentes/agronomia/rafael-barreto/","url":"https://cpcs.ufms.br/docentes/agronomia/rafael-barreto/","name":"Rafael Ferreira Barreto - Campus de Chapadão do Sul","isPartOf":{"@id":"https://cpcs.ufms.br/#website"},"primaryImageOfPage":{"@id":"https://cpcs.ufms.br/docentes/agronomia/rafael-barreto/#primaryimage"},"image":{"@id":"https://cpcs.ufms.br/docentes/agronomia/rafael-barreto/#primaryimage"},"thumbnailUrl":"https://cpcs.ufms.br/files/2022/06/rafael-barreto.jpeg","datePublished":"2022-06-06T18:58:10+00:00","dateModified":"2023-12-21T20:06:12+00:00","breadcrumb":{"@id":"https://cpcs.ufms.br/docentes/agronomia/rafael-barreto/#breadcrumb"},"inLanguage":"en-US","potentialAction":[{"@type":"ReadAction","target":["https://cpcs.ufms.br/docentes/agronomia/rafael-barreto/"]}]},{"@type":"ImageObject","inLanguage":"en-US","@id":"https://cpcs.ufms.br/docentes/agronomia/rafael-barreto/#primaryimage","url":"https://cpcs.ufms.br/files/2022/06/rafael-barreto.jpeg","contentUrl":"https://cpcs.ufms.br/files/2022/06/rafael-barreto.jpeg"},{"@type":"BreadcrumbList","@id":"https://cpcs.ufms.br/docentes/agronomia/rafael-barreto/#breadcrumb","itemListElement":[{"@type":"ListItem","position":1,"name":"Início","item":"https://cpcs.ufms.br/"},{"@type":"ListItem","position":2,"name":"Docentes","item":"https://cpcs.ufms.br/docentes/"},{"@type":"ListItem","position":3,"name":"Agronomia","item":"https://cpcs.ufms.br/docentes/agronomia/"},{"@type":"ListItem","position":4,"name":"Rafael Ferreira Barreto"}]},{"@type":"WebSite","@id":"https://cpcs.ufms.br/#website","url":"https://cpcs.ufms.br/","name":"Campus de Chapadão do Sul","description":"Universidade Federal de Mato Grosso do Sul","potentialAction":[{"@type":"SearchAction","target":{"@type":"EntryPoint","urlTemplate":"https://cpcs.ufms.br/?s={search_term_string}"},"query-input":{"@type":"PropertyValueSpecification","valueRequired":true,"valueName":"search_term_string"}}],"inLanguage":"en-US"}]}</script>
<!-- / Yoast SEO plugin. -->

Rafael Ferreira Barreto - Campus de Chapadão do Sul

&nbsp; Estágio em Pós-Doutorado UNESP/FCAV &#8211; 2020. Doutorado Agronomia (Produção Vegetal), UNESP/FCAV &#8211; 2019. Mestrado Agronomia (Produção Vegetal), UFMS &#8211; CPCS &#8211; 2016. Graduação Agronomia, UEMS/UUC &#8211; 2014. &nbsp; Áreas e Linhas de Pesquisa:  Nutrição de plantas  Cultivo hidropônico E-mail: rafael.barreto@ufms.br Telefone: (67) 3562-6351 (Currículo &#8211; Plataforma Lattes)

Campus de Chapadão do Sul

Início
