{"id":6851,"date":"2021-03-08T09:09:31","date_gmt":"2021-03-08T13:09:31","guid":{"rendered":"https:\/\/cpcs.ufms.br\/files\/2021\/03\/destaque.jpg"},"modified":"2021-03-08T09:09:31","modified_gmt":"2021-03-08T13:09:31","slug":"destaque","status":"inherit","type":"attachment","link":"https:\/\/cpcs.ufms.br\/en\/sai-convocacao-de-matricula-para-vestibular-e-passe-2021\/destaque\/","title":{"rendered":"destaque"},"author":8591,"featured_media":0,"comment_status":"closed","ping_status":"closed","template":"","meta":{"ngg_post_thumbnail":0},"class_list":["post-6851","attachment","type-attachment","status-inherit","hentry"],"yoast_head":"<!-- This site is optimized with the Yoast SEO plugin v26.2 - https:\/\/yoast.com\/wordpress\/plugins\/seo\/ -->\n<title>destaque - Campus de Chapad\u00e3o do Sul<\/title>\n<meta name=\"robots\" content=\"index, follow, max-snippet:-1, max-image-preview:large, max-video-preview:-1\" \/>\n<link rel=\"canonical\" href=\"https:\/\/cpcs.ufms.br\/files\/2021\/03\/destaque.jpg\" \/>\n<meta property=\"og:locale\" content=\"en_US\" \/>\n<meta property=\"og:type\" content=\"article\" \/>\n<meta property=\"og:title\" content=\"destaque - Campus de Chapad\u00e3o do Sul\" \/>\n<meta property=\"og:url\" content=\"https:\/\/cpcs.ufms.br\/files\/2021\/03\/destaque.jpg\" \/>\n<meta property=\"og:site_name\" content=\"Campus de Chapad\u00e3o do Sul\" \/>\n<meta property=\"og:image\" content=\"https:\/\/cpcs.ufms.br\/files\/2021\/03\/destaque.jpg\" \/>\n\t<meta property=\"og:image:width\" content=\"1584\" \/>\n\t<meta property=\"og:image:height\" content=\"508\" \/>\n\t<meta property=\"og:image:type\" content=\"image\/jpeg\" \/>\n<meta name=\"twitter:label1\" content=\"Written by\" \/>\n\t<meta name=\"twitter:data1\" content=\"LUCAS DA SILVA RIBEIRO\" \/>\n<script type=\"application\/ld+json\" class=\"yoast-schema-graph\">{\"@context\":\"https:\/\/schema.org\",\"@graph\":[{\"@type\":\"WebPage\",\"@id\":\"https:\/\/cpcs.ufms.br\/files\/2021\/03\/destaque.jpg\",\"url\":\"https:\/\/cpcs.ufms.br\/files\/2021\/03\/destaque.jpg\",\"name\":\"destaque - Campus de Chapad\u00e3o do Sul\",\"isPartOf\":{\"@id\":\"https:\/\/cpcs.ufms.br\/#website\"},\"datePublished\":\"2021-03-08T13:09:31+00:00\",\"breadcrumb\":{\"@id\":\"https:\/\/cpcs.ufms.br\/files\/2021\/03\/destaque.jpg#breadcrumb\"},\"inLanguage\":\"en-US\",\"potentialAction\":[{\"@type\":\"ReadAction\",\"target\":[\"https:\/\/cpcs.ufms.br\/files\/2021\/03\/destaque.jpg\"]}]},{\"@type\":\"BreadcrumbList\",\"@id\":\"https:\/\/cpcs.ufms.br\/files\/2021\/03\/destaque.jpg#breadcrumb\",\"itemListElement\":[{\"@type\":\"ListItem\",\"position\":1,\"name\":\"In\u00edcio\",\"item\":\"https:\/\/cpcs.ufms.br\/\"},{\"@type\":\"ListItem\",\"position\":2,\"name\":\"Sai convoca\u00e7\u00e3o de matr\u00edcula para Vestibular e PASSE 2021\",\"item\":\"https:\/\/cpcs.ufms.br\/sai-convocacao-de-matricula-para-vestibular-e-passe-2021\/\"},{\"@type\":\"ListItem\",\"position\":3,\"name\":\"destaque\"}]},{\"@type\":\"WebSite\",\"@id\":\"https:\/\/cpcs.ufms.br\/#website\",\"url\":\"https:\/\/cpcs.ufms.br\/\",\"name\":\"Campus de Chapad\u00e3o do Sul\",\"description\":\"Universidade Federal de Mato Grosso do Sul\",\"potentialAction\":[{\"@type\":\"SearchAction\",\"target\":{\"@type\":\"EntryPoint\",\"urlTemplate\":\"https:\/\/cpcs.ufms.br\/?s={search_term_string}\"},\"query-input\":{\"@type\":\"PropertyValueSpecification\",\"valueRequired\":true,\"valueName\":\"search_term_string\"}}],\"inLanguage\":\"en-US\"}]}<\/script>\n<!-- \/ Yoast SEO plugin. -->","yoast_head_json":{"title":"destaque - Campus de Chapad\u00e3o do Sul","robots":{"index":"index","follow":"follow","max-snippet":"max-snippet:-1","max-image-preview":"max-image-preview:large","max-video-preview":"max-video-preview:-1"},"canonical":"https:\/\/cpcs.ufms.br\/files\/2021\/03\/destaque.jpg","og_locale":"en_US","og_type":"article","og_title":"destaque - Campus de Chapad\u00e3o do Sul","og_url":"https:\/\/cpcs.ufms.br\/files\/2021\/03\/destaque.jpg","og_site_name":"Campus de Chapad\u00e3o do Sul","og_image":[{"width":1584,"height":508,"url":"https:\/\/cpcs.ufms.br\/files\/2021\/03\/destaque.jpg","type":"image\/jpeg"}],"twitter_misc":{"Written by":"LUCAS DA SILVA RIBEIRO"},"schema":{"@context":"https:\/\/schema.org","@graph":[{"@type":"WebPage","@id":"https:\/\/cpcs.ufms.br\/files\/2021\/03\/destaque.jpg","url":"https:\/\/cpcs.ufms.br\/files\/2021\/03\/destaque.jpg","name":"destaque - Campus de Chapad\u00e3o do Sul","isPartOf":{"@id":"https:\/\/cpcs.ufms.br\/#website"},"datePublished":"2021-03-08T13:09:31+00:00","breadcrumb":{"@id":"https:\/\/cpcs.ufms.br\/files\/2021\/03\/destaque.jpg#breadcrumb"},"inLanguage":"en-US","potentialAction":[{"@type":"ReadAction","target":["https:\/\/cpcs.ufms.br\/files\/2021\/03\/destaque.jpg"]}]},{"@type":"BreadcrumbList","@id":"https:\/\/cpcs.ufms.br\/files\/2021\/03\/destaque.jpg#breadcrumb","itemListElement":[{"@type":"ListItem","position":1,"name":"In\u00edcio","item":"https:\/\/cpcs.ufms.br\/"},{"@type":"ListItem","position":2,"name":"Sai convoca\u00e7\u00e3o de matr\u00edcula para Vestibular e PASSE 2021","item":"https:\/\/cpcs.ufms.br\/sai-convocacao-de-matricula-para-vestibular-e-passe-2021\/"},{"@type":"ListItem","position":3,"name":"destaque"}]},{"@type":"WebSite","@id":"https:\/\/cpcs.ufms.br\/#website","url":"https:\/\/cpcs.ufms.br\/","name":"Campus de Chapad\u00e3o do Sul","description":"Universidade Federal de Mato Grosso do Sul","potentialAction":[{"@type":"SearchAction","target":{"@type":"EntryPoint","urlTemplate":"https:\/\/cpcs.ufms.br\/?s={search_term_string}"},"query-input":{"@type":"PropertyValueSpecification","valueRequired":true,"valueName":"search_term_string"}}],"inLanguage":"en-US"}]}},"description":{"rendered":"<p class=\"attachment\"><a href='https:\/\/cpcs.ufms.br\/files\/2021\/03\/destaque.jpg'><img decoding=\"async\" width=\"300\" height=\"96\" src=\"https:\/\/cpcs.ufms.br\/files\/2021\/03\/destaque-300x96.jpg\" class=\"attachment-medium size-medium\" alt=\"\" srcset=\"https:\/\/cpcs.ufms.br\/files\/2021\/03\/destaque-300x96.jpg 300w, https:\/\/cpcs.ufms.br\/files\/2021\/03\/destaque-768x246.jpg 768w, https:\/\/cpcs.ufms.br\/files\/2021\/03\/destaque-1024x328.jpg 1024w, https:\/\/cpcs.ufms.br\/files\/2021\/03\/destaque-730x234.jpg 730w, https:\/\/cpcs.ufms.br\/files\/2021\/03\/destaque-600x192.jpg 600w, https:\/\/cpcs.ufms.br\/files\/2021\/03\/destaque.jpg 1584w\" sizes=\"(max-width: 300px) 100vw, 300px\" \/><\/a><\/p>\n"},"caption":{"rendered":""},"alt_text":"","media_type":"image","mime_type":"image\/jpeg","media_details":{"width":1584,"height":508,"file":"2021\/03\/destaque.jpg","sizes":{"thumbnail":{"file":"destaque-150x150.jpg","width":150,"height":150,"mime_type":"image\/jpeg","source_url":"https:\/\/cpcs.ufms.br\/files\/2021\/03\/destaque-150x150.jpg"},"medium":{"file":"destaque-300x96.jpg","width":300,"height":96,"width_query":"300","height_query":"300","mime_type":"image\/jpeg","source_url":"https:\/\/cpcs.ufms.br\/files\/2021\/03\/destaque-300x96.jpg"},"medium_large":{"file":"destaque-768x246.jpg","width":768,"height":246,"mime_type":"image\/jpeg","source_url":"https:\/\/cpcs.ufms.br\/files\/2021\/03\/destaque-768x246.jpg"},"large":{"file":"destaque-1024x328.jpg","width":1024,"height":328,"width_query":"1024","height_query":"1024","mime_type":"image\/jpeg","source_url":"https:\/\/cpcs.ufms.br\/files\/2021\/03\/destaque-1024x328.jpg"},"post-thumbnail":{"file":"destaque-730x234.jpg","width":730,"height":234,"width_query":730,"height_query":320,"mime_type":"image\/jpeg","source_url":"https:\/\/cpcs.ufms.br\/files\/2021\/03\/destaque-730x234.jpg"},"thumbnail-categoria":{"file":"destaque-730x200.jpg","width":730,"height":200,"mime_type":"image\/jpeg","source_url":"https:\/\/cpcs.ufms.br\/files\/2021\/03\/destaque-730x200.jpg"},"content-img":{"file":"destaque-738x330.jpg","width":738,"height":330,"mime_type":"image\/jpeg","source_url":"https:\/\/cpcs.ufms.br\/files\/2021\/03\/destaque-738x330.jpg"},"img-boxes":{"file":"destaque-350x233.jpg","width":350,"height":233,"mime_type":"image\/jpeg","source_url":"https:\/\/cpcs.ufms.br\/files\/2021\/03\/destaque-350x233.jpg"},"img-2":{"file":"destaque-350x233.jpg","width":350,"height":233,"mime_type":"image\/jpeg","source_url":"https:\/\/cpcs.ufms.br\/files\/2021\/03\/destaque-350x233.jpg"},"img-1":{"file":"destaque-555x233.jpg","width":555,"height":233,"mime_type":"image\/jpeg","source_url":"https:\/\/cpcs.ufms.br\/files\/2021\/03\/destaque-555x233.jpg"},"60x60":{"file":"destaque-60x60.jpg","width":60,"height":60,"mime_type":"image\/jpeg","source_url":"https:\/\/cpcs.ufms.br\/files\/2021\/03\/destaque-60x60.jpg"},"600x99999":{"file":"destaque-600x508.jpg","width":600,"height":508,"filesize":58364,"mime_type":"image\/jpeg","source_url":"https:\/\/cpcs.ufms.br\/files\/2021\/03\/destaque-600x508.jpg"},"600x0":{"file":"destaque-600x192.jpg","width":600,"height":192,"filesize":37185,"mime_type":"image\/jpeg","source_url":"https:\/\/cpcs.ufms.br\/files\/2021\/03\/destaque-600x192.jpg"},"full":{"file":"destaque.jpg","width":1584,"height":508,"mime_type":"image\/jpeg","source_url":"https:\/\/cpcs.ufms.br\/files\/2021\/03\/destaque.jpg"}},"image_meta":{"aperture":"0","credit":"Maira Sonia Camacho","camera":"","caption":"","created_timestamp":"1614957376","copyright":"","focal_length":"0","iso":"0","shutter_speed":"0","title":"","orientation":"0","keywords":[]}},"post":6850,"source_url":"https:\/\/cpcs.ufms.br\/files\/2021\/03\/destaque.jpg","_links":{"self":[{"href":"https:\/\/cpcs.ufms.br\/en\/wp-json\/wp\/v2\/media\/6851","targetHints":{"allow":["GET"]}}],"collection":[{"href":"https:\/\/cpcs.ufms.br\/en\/wp-json\/wp\/v2\/media"}],"about":[{"href":"https:\/\/cpcs.ufms.br\/en\/wp-json\/wp\/v2\/types\/attachment"}],"author":[{"embeddable":true,"href":"https:\/\/cpcs.ufms.br\/en\/wp-json\/wp\/v2\/users\/8591"}],"replies":[{"embeddable":true,"href":"https:\/\/cpcs.ufms.br\/en\/wp-json\/wp\/v2\/comments?post=6851"}]}}

<!-- This site is optimized with the Yoast SEO plugin v26.2 - https://yoast.com/wordpress/plugins/seo/ -->
<title>destaque - Campus de Chapadão do Sul</title>
<meta name="robots" content="index, follow, max-snippet:-1, max-image-preview:large, max-video-preview:-1" />
<link rel="canonical" href="https://cpcs.ufms.br/files/2021/03/destaque.jpg" />
<meta property="og:locale" content="en_US" />
<meta property="og:type" content="article" />
<meta property="og:title" content="destaque - Campus de Chapadão do Sul" />
<meta property="og:url" content="https://cpcs.ufms.br/files/2021/03/destaque.jpg" />
<meta property="og:site_name" content="Campus de Chapadão do Sul" />
<meta property="og:image" content="https://cpcs.ufms.br/files/2021/03/destaque.jpg" />
	<meta property="og:image:width" content="1584" />
	<meta property="og:image:height" content="508" />
	<meta property="og:image:type" content="image/jpeg" />
<meta name="twitter:label1" content="Written by" />
	<meta name="twitter:data1" content="LUCAS DA SILVA RIBEIRO" />
<script type="application/ld+json" class="yoast-schema-graph">{"@context":"https://schema.org","@graph":[{"@type":"WebPage","@id":"https://cpcs.ufms.br/files/2021/03/destaque.jpg","url":"https://cpcs.ufms.br/files/2021/03/destaque.jpg","name":"destaque - Campus de Chapadão do Sul","isPartOf":{"@id":"https://cpcs.ufms.br/#website"},"datePublished":"2021-03-08T13:09:31+00:00","breadcrumb":{"@id":"https://cpcs.ufms.br/files/2021/03/destaque.jpg#breadcrumb"},"inLanguage":"en-US","potentialAction":[{"@type":"ReadAction","target":["https://cpcs.ufms.br/files/2021/03/destaque.jpg"]}]},{"@type":"BreadcrumbList","@id":"https://cpcs.ufms.br/files/2021/03/destaque.jpg#breadcrumb","itemListElement":[{"@type":"ListItem","position":1,"name":"Início","item":"https://cpcs.ufms.br/"},{"@type":"ListItem","position":2,"name":"Sai convocação de matrícula para Vestibular e PASSE 2021","item":"https://cpcs.ufms.br/sai-convocacao-de-matricula-para-vestibular-e-passe-2021/"},{"@type":"ListItem","position":3,"name":"destaque"}]},{"@type":"WebSite","@id":"https://cpcs.ufms.br/#website","url":"https://cpcs.ufms.br/","name":"Campus de Chapadão do Sul","description":"Universidade Federal de Mato Grosso do Sul","potentialAction":[{"@type":"SearchAction","target":{"@type":"EntryPoint","urlTemplate":"https://cpcs.ufms.br/?s={search_term_string}"},"query-input":{"@type":"PropertyValueSpecification","valueRequired":true,"valueName":"search_term_string"}}],"inLanguage":"en-US"}]}</script>
<!-- / Yoast SEO plugin. -->

destaque - Campus de Chapadão do Sul

Campus de Chapadão do Sul

Início

Sai convocação de matrícula para Vestibular e PASSE 2021
