{"id":11180,"date":"2025-04-08T06:47:58","date_gmt":"2025-04-08T10:47:58","guid":{"rendered":"https:\/\/cpcs.ufms.br\/files\/2025\/04\/Edital-de-Convocacao_3_2025.pdf"},"modified":"2025-04-08T06:47:58","modified_gmt":"2025-04-08T10:47:58","slug":"edital-de-convocacao_3_2025","status":"inherit","type":"attachment","link":"https:\/\/cpcs.ufms.br\/en\/11179-2\/edital-de-convocacao_3_2025\/","title":{"rendered":"Edital de Convoca\u00e7\u00e3o_3_2025"},"author":3221,"featured_media":0,"comment_status":"closed","ping_status":"closed","template":"","meta":{"ngg_post_thumbnail":0},"class_list":["post-11180","attachment","type-attachment","status-inherit","hentry"],"yoast_head":"<!-- This site is optimized with the Yoast SEO plugin v26.2 - https:\/\/yoast.com\/wordpress\/plugins\/seo\/ -->\n<title>Edital de Convoca\u00e7\u00e3o_3_2025 - Campus de Chapad\u00e3o do Sul<\/title>\n<meta name=\"robots\" content=\"index, follow, max-snippet:-1, max-image-preview:large, max-video-preview:-1\" \/>\n<link rel=\"canonical\" href=\"https:\/\/cpcs.ufms.br\/files\/2025\/04\/Edital-de-Convocacao_3_2025.pdf\" \/>\n<meta property=\"og:locale\" content=\"en_US\" \/>\n<meta property=\"og:type\" content=\"article\" \/>\n<meta property=\"og:title\" content=\"Edital de Convoca\u00e7\u00e3o_3_2025 - Campus de Chapad\u00e3o do Sul\" \/>\n<meta property=\"og:description\" content=\"Edital de Convoca\u00e7\u00e3o_3_2025\" \/>\n<meta property=\"og:url\" content=\"https:\/\/cpcs.ufms.br\/files\/2025\/04\/Edital-de-Convocacao_3_2025.pdf\" \/>\n<meta property=\"og:site_name\" content=\"Campus de Chapad\u00e3o do Sul\" \/>\n<meta name=\"twitter:label1\" content=\"Written by\" \/>\n\t<meta name=\"twitter:data1\" content=\"Vilela Bezerra\" \/>\n<script type=\"application\/ld+json\" class=\"yoast-schema-graph\">{\"@context\":\"https:\/\/schema.org\",\"@graph\":[{\"@type\":\"WebPage\",\"@id\":\"https:\/\/cpcs.ufms.br\/files\/2025\/04\/Edital-de-Convocacao_3_2025.pdf\",\"url\":\"https:\/\/cpcs.ufms.br\/files\/2025\/04\/Edital-de-Convocacao_3_2025.pdf\",\"name\":\"Edital de Convoca\u00e7\u00e3o_3_2025 - Campus de Chapad\u00e3o do Sul\",\"isPartOf\":{\"@id\":\"https:\/\/cpcs.ufms.br\/#website\"},\"datePublished\":\"2025-04-08T10:47:58+00:00\",\"breadcrumb\":{\"@id\":\"https:\/\/cpcs.ufms.br\/files\/2025\/04\/Edital-de-Convocacao_3_2025.pdf#breadcrumb\"},\"inLanguage\":\"en-US\",\"potentialAction\":[{\"@type\":\"ReadAction\",\"target\":[\"https:\/\/cpcs.ufms.br\/files\/2025\/04\/Edital-de-Convocacao_3_2025.pdf\"]}]},{\"@type\":\"BreadcrumbList\",\"@id\":\"https:\/\/cpcs.ufms.br\/files\/2025\/04\/Edital-de-Convocacao_3_2025.pdf#breadcrumb\",\"itemListElement\":[{\"@type\":\"ListItem\",\"position\":1,\"name\":\"In\u00edcio\",\"item\":\"https:\/\/cpcs.ufms.br\/\"},{\"@type\":\"ListItem\",\"position\":2,\"name\":\"EDITAL DE CONVOCA\u00c7\u00c3O 3\/2025 &#8211; Convoca\u00e7\u00e3o dos Membros do Conselho de C\u00e2mpus para Reuni\u00e3o Extraordin\u00e1ria\",\"item\":\"https:\/\/cpcs.ufms.br\/11179-2\/\"},{\"@type\":\"ListItem\",\"position\":3,\"name\":\"Edital de Convoca\u00e7\u00e3o_3_2025\"}]},{\"@type\":\"WebSite\",\"@id\":\"https:\/\/cpcs.ufms.br\/#website\",\"url\":\"https:\/\/cpcs.ufms.br\/\",\"name\":\"Campus de Chapad\u00e3o do Sul\",\"description\":\"Universidade Federal de Mato Grosso do Sul\",\"potentialAction\":[{\"@type\":\"SearchAction\",\"target\":{\"@type\":\"EntryPoint\",\"urlTemplate\":\"https:\/\/cpcs.ufms.br\/?s={search_term_string}\"},\"query-input\":{\"@type\":\"PropertyValueSpecification\",\"valueRequired\":true,\"valueName\":\"search_term_string\"}}],\"inLanguage\":\"en-US\"}]}<\/script>\n<!-- \/ Yoast SEO plugin. -->","yoast_head_json":{"title":"Edital de Convoca\u00e7\u00e3o_3_2025 - Campus de Chapad\u00e3o do Sul","robots":{"index":"index","follow":"follow","max-snippet":"max-snippet:-1","max-image-preview":"max-image-preview:large","max-video-preview":"max-video-preview:-1"},"canonical":"https:\/\/cpcs.ufms.br\/files\/2025\/04\/Edital-de-Convocacao_3_2025.pdf","og_locale":"en_US","og_type":"article","og_title":"Edital de Convoca\u00e7\u00e3o_3_2025 - Campus de Chapad\u00e3o do Sul","og_description":"Edital de Convoca\u00e7\u00e3o_3_2025","og_url":"https:\/\/cpcs.ufms.br\/files\/2025\/04\/Edital-de-Convocacao_3_2025.pdf","og_site_name":"Campus de Chapad\u00e3o do Sul","twitter_misc":{"Written by":"Vilela Bezerra"},"schema":{"@context":"https:\/\/schema.org","@graph":[{"@type":"WebPage","@id":"https:\/\/cpcs.ufms.br\/files\/2025\/04\/Edital-de-Convocacao_3_2025.pdf","url":"https:\/\/cpcs.ufms.br\/files\/2025\/04\/Edital-de-Convocacao_3_2025.pdf","name":"Edital de Convoca\u00e7\u00e3o_3_2025 - Campus de Chapad\u00e3o do Sul","isPartOf":{"@id":"https:\/\/cpcs.ufms.br\/#website"},"datePublished":"2025-04-08T10:47:58+00:00","breadcrumb":{"@id":"https:\/\/cpcs.ufms.br\/files\/2025\/04\/Edital-de-Convocacao_3_2025.pdf#breadcrumb"},"inLanguage":"en-US","potentialAction":[{"@type":"ReadAction","target":["https:\/\/cpcs.ufms.br\/files\/2025\/04\/Edital-de-Convocacao_3_2025.pdf"]}]},{"@type":"BreadcrumbList","@id":"https:\/\/cpcs.ufms.br\/files\/2025\/04\/Edital-de-Convocacao_3_2025.pdf#breadcrumb","itemListElement":[{"@type":"ListItem","position":1,"name":"In\u00edcio","item":"https:\/\/cpcs.ufms.br\/"},{"@type":"ListItem","position":2,"name":"EDITAL DE CONVOCA\u00c7\u00c3O 3\/2025 &#8211; Convoca\u00e7\u00e3o dos Membros do Conselho de C\u00e2mpus para Reuni\u00e3o Extraordin\u00e1ria","item":"https:\/\/cpcs.ufms.br\/11179-2\/"},{"@type":"ListItem","position":3,"name":"Edital de Convoca\u00e7\u00e3o_3_2025"}]},{"@type":"WebSite","@id":"https:\/\/cpcs.ufms.br\/#website","url":"https:\/\/cpcs.ufms.br\/","name":"Campus de Chapad\u00e3o do Sul","description":"Universidade Federal de Mato Grosso do Sul","potentialAction":[{"@type":"SearchAction","target":{"@type":"EntryPoint","urlTemplate":"https:\/\/cpcs.ufms.br\/?s={search_term_string}"},"query-input":{"@type":"PropertyValueSpecification","valueRequired":true,"valueName":"search_term_string"}}],"inLanguage":"en-US"}]}},"description":{"rendered":"<p class=\"attachment\"><a href='https:\/\/cpcs.ufms.br\/files\/2025\/04\/Edital-de-Convocacao_3_2025.pdf'>Edital de Convoca\u00e7\u00e3o_3_2025<\/a><\/p>\n"},"caption":{"rendered":"<p>Edital de Convoca\u00e7\u00e3o_3_2025<\/p>\n"},"alt_text":"","media_type":"file","mime_type":"application\/pdf","media_details":{"filesize":162476,"sizes":{"medium":{"file":"Edital-de-Convocacao_3_2025-212x300.pdf","width":212,"height":300,"filesize":44985,"width_query":"300","height_query":"300","mime_type":"application\/pdf"},"thumbnail":{"file":"Edital-de-Convocacao_3_2025-150x150.pdf","width":150,"height":150,"filesize":26351,"width_query":"150","height_query":"150","mime_type":"application\/pdf"},"large":{"file":"Edital-de-Convocacao_3_2025-724x1024.pdf","width":724,"height":1024,"filesize":297395,"width_query":"1024","height_query":"1024","mime_type":"application\/pdf"}}},"post":11179,"source_url":"https:\/\/cpcs.ufms.br\/files\/2025\/04\/Edital-de-Convocacao_3_2025.pdf","_links":{"self":[{"href":"https:\/\/cpcs.ufms.br\/en\/wp-json\/wp\/v2\/media\/11180","targetHints":{"allow":["GET"]}}],"collection":[{"href":"https:\/\/cpcs.ufms.br\/en\/wp-json\/wp\/v2\/media"}],"about":[{"href":"https:\/\/cpcs.ufms.br\/en\/wp-json\/wp\/v2\/types\/attachment"}],"author":[{"embeddable":true,"href":"https:\/\/cpcs.ufms.br\/en\/wp-json\/wp\/v2\/users\/3221"}],"replies":[{"embeddable":true,"href":"https:\/\/cpcs.ufms.br\/en\/wp-json\/wp\/v2\/comments?post=11180"}]}}

Edital de Convocação_3_2025

<!-- This site is optimized with the Yoast SEO plugin v26.2 - https://yoast.com/wordpress/plugins/seo/ -->
<title>Edital de Convocação_3_2025 - Campus de Chapadão do Sul</title>
<meta name="robots" content="index, follow, max-snippet:-1, max-image-preview:large, max-video-preview:-1" />
<link rel="canonical" href="https://cpcs.ufms.br/files/2025/04/Edital-de-Convocacao_3_2025.pdf" />
<meta property="og:locale" content="en_US" />
<meta property="og:type" content="article" />
<meta property="og:title" content="Edital de Convocação_3_2025 - Campus de Chapadão do Sul" />
<meta property="og:description" content="Edital de Convocação_3_2025" />
<meta property="og:url" content="https://cpcs.ufms.br/files/2025/04/Edital-de-Convocacao_3_2025.pdf" />
<meta property="og:site_name" content="Campus de Chapadão do Sul" />
<meta name="twitter:label1" content="Written by" />
	<meta name="twitter:data1" content="Vilela Bezerra" />
<script type="application/ld+json" class="yoast-schema-graph">{"@context":"https://schema.org","@graph":[{"@type":"WebPage","@id":"https://cpcs.ufms.br/files/2025/04/Edital-de-Convocacao_3_2025.pdf","url":"https://cpcs.ufms.br/files/2025/04/Edital-de-Convocacao_3_2025.pdf","name":"Edital de Convocação_3_2025 - Campus de Chapadão do Sul","isPartOf":{"@id":"https://cpcs.ufms.br/#website"},"datePublished":"2025-04-08T10:47:58+00:00","breadcrumb":{"@id":"https://cpcs.ufms.br/files/2025/04/Edital-de-Convocacao_3_2025.pdf#breadcrumb"},"inLanguage":"en-US","potentialAction":[{"@type":"ReadAction","target":["https://cpcs.ufms.br/files/2025/04/Edital-de-Convocacao_3_2025.pdf"]}]},{"@type":"BreadcrumbList","@id":"https://cpcs.ufms.br/files/2025/04/Edital-de-Convocacao_3_2025.pdf#breadcrumb","itemListElement":[{"@type":"ListItem","position":1,"name":"Início","item":"https://cpcs.ufms.br/"},{"@type":"ListItem","position":2,"name":"EDITAL DE CONVOCAÇÃO 3/2025 &#8211; Convocação dos Membros do Conselho de Câmpus para Reunião Extraordinária","item":"https://cpcs.ufms.br/11179-2/"},{"@type":"ListItem","position":3,"name":"Edital de Convocação_3_2025"}]},{"@type":"WebSite","@id":"https://cpcs.ufms.br/#website","url":"https://cpcs.ufms.br/","name":"Campus de Chapadão do Sul","description":"Universidade Federal de Mato Grosso do Sul","potentialAction":[{"@type":"SearchAction","target":{"@type":"EntryPoint","urlTemplate":"https://cpcs.ufms.br/?s={search_term_string}"},"query-input":{"@type":"PropertyValueSpecification","valueRequired":true,"valueName":"search_term_string"}}],"inLanguage":"en-US"}]}</script>
<!-- / Yoast SEO plugin. -->

Edital de Convocação_3_2025 - Campus de Chapadão do Sul

Campus de Chapadão do Sul

Início

EDITAL DE CONVOCAÇÃO 3/2025 &#8211; Convocação dos Membros do Conselho de Câmpus para Reunião Extraordinária

<p class="attachment"><a href='https://cpcs.ufms.br/files/2025/04/Edital-de-Convocacao_3_2025.pdf'>Edital de Convocação_3_2025</a></p>

<p>Edital de Convocação_3_2025</p>
