{"id":10429,"date":"2024-04-24T13:23:11","date_gmt":"2024-04-24T17:23:11","guid":{"rendered":"https:\/\/cpcs.ufms.br\/files\/2024\/04\/Relacoes-institucionais-MS-Florestal.jpeg"},"modified":"2024-04-24T13:23:11","modified_gmt":"2024-04-24T17:23:11","slug":"relacoes-institucionais-ms-florestal","status":"inherit","type":"attachment","link":"https:\/\/cpcs.ufms.br\/en\/curso-de-engenharia-florestal-da-ufms-participa-da-ii-jornada-florestal-reflore-ms\/relacoes-institucionais-ms-florestal\/","title":{"rendered":"Rela\u00e7\u00f5es institucionais &#8211; MS Florestal"},"author":4085,"featured_media":0,"comment_status":"closed","ping_status":"closed","template":"","meta":{"ngg_post_thumbnail":0},"class_list":["post-10429","attachment","type-attachment","status-inherit","hentry"],"yoast_head":"<!-- This site is optimized with the Yoast SEO plugin v26.2 - https:\/\/yoast.com\/wordpress\/plugins\/seo\/ -->\n<title>Rela\u00e7\u00f5es institucionais - MS Florestal - Campus de Chapad\u00e3o do Sul<\/title>\n<meta name=\"robots\" content=\"index, follow, max-snippet:-1, max-image-preview:large, max-video-preview:-1\" \/>\n<link rel=\"canonical\" href=\"https:\/\/cpcs.ufms.br\/files\/2024\/04\/Relacoes-institucionais-MS-Florestal.jpeg\" \/>\n<meta property=\"og:locale\" content=\"en_US\" \/>\n<meta property=\"og:type\" content=\"article\" \/>\n<meta property=\"og:title\" content=\"Rela\u00e7\u00f5es institucionais - MS Florestal - Campus de Chapad\u00e3o do Sul\" \/>\n<meta property=\"og:url\" content=\"https:\/\/cpcs.ufms.br\/files\/2024\/04\/Relacoes-institucionais-MS-Florestal.jpeg\" \/>\n<meta property=\"og:site_name\" content=\"Campus de Chapad\u00e3o do Sul\" \/>\n<meta property=\"og:image\" content=\"https:\/\/cpcs.ufms.br\/files\/2024\/04\/Relacoes-institucionais-MS-Florestal.jpeg\" \/>\n\t<meta property=\"og:image:width\" content=\"1\" \/>\n\t<meta property=\"og:image:height\" content=\"1\" \/>\n\t<meta property=\"og:image:type\" content=\"image\/jpeg\" \/>\n<meta name=\"twitter:label1\" content=\"Written by\" \/>\n\t<meta name=\"twitter:data1\" content=\"Gileno Azevedo\" \/>\n<script type=\"application\/ld+json\" class=\"yoast-schema-graph\">{\"@context\":\"https:\/\/schema.org\",\"@graph\":[{\"@type\":\"WebPage\",\"@id\":\"https:\/\/cpcs.ufms.br\/files\/2024\/04\/Relacoes-institucionais-MS-Florestal.jpeg\",\"url\":\"https:\/\/cpcs.ufms.br\/files\/2024\/04\/Relacoes-institucionais-MS-Florestal.jpeg\",\"name\":\"Rela\u00e7\u00f5es institucionais - MS Florestal - Campus de Chapad\u00e3o do Sul\",\"isPartOf\":{\"@id\":\"https:\/\/cpcs.ufms.br\/#website\"},\"datePublished\":\"2024-04-24T17:23:11+00:00\",\"breadcrumb\":{\"@id\":\"https:\/\/cpcs.ufms.br\/files\/2024\/04\/Relacoes-institucionais-MS-Florestal.jpeg#breadcrumb\"},\"inLanguage\":\"en-US\",\"potentialAction\":[{\"@type\":\"ReadAction\",\"target\":[\"https:\/\/cpcs.ufms.br\/files\/2024\/04\/Relacoes-institucionais-MS-Florestal.jpeg\"]}]},{\"@type\":\"BreadcrumbList\",\"@id\":\"https:\/\/cpcs.ufms.br\/files\/2024\/04\/Relacoes-institucionais-MS-Florestal.jpeg#breadcrumb\",\"itemListElement\":[{\"@type\":\"ListItem\",\"position\":1,\"name\":\"In\u00edcio\",\"item\":\"https:\/\/cpcs.ufms.br\/\"},{\"@type\":\"ListItem\",\"position\":2,\"name\":\"Curso de Engenharia Florestal da UFMS participa da II Jornada Florestal Reflore\/MS\",\"item\":\"https:\/\/cpcs.ufms.br\/curso-de-engenharia-florestal-da-ufms-participa-da-ii-jornada-florestal-reflore-ms\/\"},{\"@type\":\"ListItem\",\"position\":3,\"name\":\"Rela\u00e7\u00f5es institucionais &#8211; MS Florestal\"}]},{\"@type\":\"WebSite\",\"@id\":\"https:\/\/cpcs.ufms.br\/#website\",\"url\":\"https:\/\/cpcs.ufms.br\/\",\"name\":\"Campus de Chapad\u00e3o do Sul\",\"description\":\"Universidade Federal de Mato Grosso do Sul\",\"potentialAction\":[{\"@type\":\"SearchAction\",\"target\":{\"@type\":\"EntryPoint\",\"urlTemplate\":\"https:\/\/cpcs.ufms.br\/?s={search_term_string}\"},\"query-input\":{\"@type\":\"PropertyValueSpecification\",\"valueRequired\":true,\"valueName\":\"search_term_string\"}}],\"inLanguage\":\"en-US\"}]}<\/script>\n<!-- \/ Yoast SEO plugin. -->","yoast_head_json":{"title":"Rela\u00e7\u00f5es institucionais - MS Florestal - Campus de Chapad\u00e3o do Sul","robots":{"index":"index","follow":"follow","max-snippet":"max-snippet:-1","max-image-preview":"max-image-preview:large","max-video-preview":"max-video-preview:-1"},"canonical":"https:\/\/cpcs.ufms.br\/files\/2024\/04\/Relacoes-institucionais-MS-Florestal.jpeg","og_locale":"en_US","og_type":"article","og_title":"Rela\u00e7\u00f5es institucionais - MS Florestal - Campus de Chapad\u00e3o do Sul","og_url":"https:\/\/cpcs.ufms.br\/files\/2024\/04\/Relacoes-institucionais-MS-Florestal.jpeg","og_site_name":"Campus de Chapad\u00e3o do Sul","og_image":[{"url":"https:\/\/cpcs.ufms.br\/files\/2024\/04\/Relacoes-institucionais-MS-Florestal.jpeg","width":1,"height":1,"type":"image\/jpeg"}],"twitter_misc":{"Written by":"Gileno Azevedo"},"schema":{"@context":"https:\/\/schema.org","@graph":[{"@type":"WebPage","@id":"https:\/\/cpcs.ufms.br\/files\/2024\/04\/Relacoes-institucionais-MS-Florestal.jpeg","url":"https:\/\/cpcs.ufms.br\/files\/2024\/04\/Relacoes-institucionais-MS-Florestal.jpeg","name":"Rela\u00e7\u00f5es institucionais - MS Florestal - Campus de Chapad\u00e3o do Sul","isPartOf":{"@id":"https:\/\/cpcs.ufms.br\/#website"},"datePublished":"2024-04-24T17:23:11+00:00","breadcrumb":{"@id":"https:\/\/cpcs.ufms.br\/files\/2024\/04\/Relacoes-institucionais-MS-Florestal.jpeg#breadcrumb"},"inLanguage":"en-US","potentialAction":[{"@type":"ReadAction","target":["https:\/\/cpcs.ufms.br\/files\/2024\/04\/Relacoes-institucionais-MS-Florestal.jpeg"]}]},{"@type":"BreadcrumbList","@id":"https:\/\/cpcs.ufms.br\/files\/2024\/04\/Relacoes-institucionais-MS-Florestal.jpeg#breadcrumb","itemListElement":[{"@type":"ListItem","position":1,"name":"In\u00edcio","item":"https:\/\/cpcs.ufms.br\/"},{"@type":"ListItem","position":2,"name":"Curso de Engenharia Florestal da UFMS participa da II Jornada Florestal Reflore\/MS","item":"https:\/\/cpcs.ufms.br\/curso-de-engenharia-florestal-da-ufms-participa-da-ii-jornada-florestal-reflore-ms\/"},{"@type":"ListItem","position":3,"name":"Rela\u00e7\u00f5es institucionais &#8211; MS Florestal"}]},{"@type":"WebSite","@id":"https:\/\/cpcs.ufms.br\/#website","url":"https:\/\/cpcs.ufms.br\/","name":"Campus de Chapad\u00e3o do Sul","description":"Universidade Federal de Mato Grosso do Sul","potentialAction":[{"@type":"SearchAction","target":{"@type":"EntryPoint","urlTemplate":"https:\/\/cpcs.ufms.br\/?s={search_term_string}"},"query-input":{"@type":"PropertyValueSpecification","valueRequired":true,"valueName":"search_term_string"}}],"inLanguage":"en-US"}]}},"description":{"rendered":"<p class=\"attachment\"><a href='https:\/\/cpcs.ufms.br\/files\/2024\/04\/Relacoes-institucionais-MS-Florestal.jpeg'><img fetchpriority=\"high\" decoding=\"async\" width=\"300\" height=\"225\" src=\"https:\/\/cpcs.ufms.br\/files\/2024\/04\/Relacoes-institucionais-MS-Florestal-300x225.jpeg\" class=\"attachment-medium size-medium\" alt=\"\" srcset=\"https:\/\/cpcs.ufms.br\/files\/2024\/04\/Relacoes-institucionais-MS-Florestal-300x225.jpeg 300w, https:\/\/cpcs.ufms.br\/files\/2024\/04\/Relacoes-institucionais-MS-Florestal-1024x768.jpeg 1024w, https:\/\/cpcs.ufms.br\/files\/2024\/04\/Relacoes-institucionais-MS-Florestal-768x576.jpeg 768w, https:\/\/cpcs.ufms.br\/files\/2024\/04\/Relacoes-institucionais-MS-Florestal-1536x1152.jpeg 1536w, https:\/\/cpcs.ufms.br\/files\/2024\/04\/Relacoes-institucionais-MS-Florestal-427x320.jpeg 427w, https:\/\/cpcs.ufms.br\/files\/2024\/04\/Relacoes-institucionais-MS-Florestal-600x450.jpeg 600w, https:\/\/cpcs.ufms.br\/files\/2024\/04\/Relacoes-institucionais-MS-Florestal.jpeg 1600w\" sizes=\"(max-width: 300px) 100vw, 300px\" \/><\/a><\/p>\n"},"caption":{"rendered":""},"alt_text":"","media_type":"image","mime_type":"image\/jpeg","media_details":{"width":1600,"height":1200,"file":"2024\/04\/Relacoes-institucionais-MS-Florestal.jpeg","filesize":281526,"sizes":{"medium":{"file":"Relacoes-institucionais-MS-Florestal-300x225.jpeg","width":300,"height":225,"filesize":18682,"width_query":"300","height_query":"300","mime_type":"image\/jpeg","source_url":"https:\/\/cpcs.ufms.br\/files\/2024\/04\/Relacoes-institucionais-MS-Florestal-300x225.jpeg"},"large":{"file":"Relacoes-institucionais-MS-Florestal-1024x768.jpeg","width":1024,"height":768,"filesize":138466,"width_query":"1024","height_query":"1024","mime_type":"image\/jpeg","source_url":"https:\/\/cpcs.ufms.br\/files\/2024\/04\/Relacoes-institucionais-MS-Florestal-1024x768.jpeg"},"thumbnail":{"file":"Relacoes-institucionais-MS-Florestal-150x150.jpeg","width":150,"height":150,"filesize":7569,"mime_type":"image\/jpeg","source_url":"https:\/\/cpcs.ufms.br\/files\/2024\/04\/Relacoes-institucionais-MS-Florestal-150x150.jpeg"},"medium_large":{"file":"Relacoes-institucionais-MS-Florestal-768x576.jpeg","width":768,"height":576,"filesize":85996,"mime_type":"image\/jpeg","source_url":"https:\/\/cpcs.ufms.br\/files\/2024\/04\/Relacoes-institucionais-MS-Florestal-768x576.jpeg"},"1536x1536":{"file":"Relacoes-institucionais-MS-Florestal-1536x1152.jpeg","width":1536,"height":1152,"filesize":261681,"width_query":1536,"height_query":1536,"mime_type":"image\/jpeg","source_url":"https:\/\/cpcs.ufms.br\/files\/2024\/04\/Relacoes-institucionais-MS-Florestal-1536x1152.jpeg"},"post-thumbnail":{"file":"Relacoes-institucionais-MS-Florestal-427x320.jpeg","width":427,"height":320,"filesize":29618,"width_query":730,"height_query":320,"mime_type":"image\/jpeg","source_url":"https:\/\/cpcs.ufms.br\/files\/2024\/04\/Relacoes-institucionais-MS-Florestal-427x320.jpeg"},"thumbnail-categoria":{"file":"Relacoes-institucionais-MS-Florestal-730x200.jpeg","width":730,"height":200,"filesize":35456,"mime_type":"image\/jpeg","source_url":"https:\/\/cpcs.ufms.br\/files\/2024\/04\/Relacoes-institucionais-MS-Florestal-730x200.jpeg"},"content-img":{"file":"Relacoes-institucionais-MS-Florestal-738x330.jpeg","width":738,"height":330,"filesize":50692,"mime_type":"image\/jpeg","source_url":"https:\/\/cpcs.ufms.br\/files\/2024\/04\/Relacoes-institucionais-MS-Florestal-738x330.jpeg"},"img-boxes":{"file":"Relacoes-institucionais-MS-Florestal-350x233.jpeg","width":350,"height":233,"filesize":21667,"mime_type":"image\/jpeg","source_url":"https:\/\/cpcs.ufms.br\/files\/2024\/04\/Relacoes-institucionais-MS-Florestal-350x233.jpeg"},"img-2":{"file":"Relacoes-institucionais-MS-Florestal-350x233.jpeg","width":350,"height":233,"filesize":21667,"mime_type":"image\/jpeg","source_url":"https:\/\/cpcs.ufms.br\/files\/2024\/04\/Relacoes-institucionais-MS-Florestal-350x233.jpeg"},"img-1":{"file":"Relacoes-institucionais-MS-Florestal-555x233.jpeg","width":555,"height":233,"filesize":31059,"mime_type":"image\/jpeg","source_url":"https:\/\/cpcs.ufms.br\/files\/2024\/04\/Relacoes-institucionais-MS-Florestal-555x233.jpeg"},"60x60":{"file":"Relacoes-institucionais-MS-Florestal-60x60.jpeg","width":60,"height":60,"filesize":2176,"mime_type":"image\/jpeg","source_url":"https:\/\/cpcs.ufms.br\/files\/2024\/04\/Relacoes-institucionais-MS-Florestal-60x60.jpeg"},"600x0":{"file":"Relacoes-institucionais-MS-Florestal-600x450.jpeg","width":600,"height":450,"filesize":52995,"mime_type":"image\/jpeg","source_url":"https:\/\/cpcs.ufms.br\/files\/2024\/04\/Relacoes-institucionais-MS-Florestal-600x450.jpeg"},"full":{"file":"Relacoes-institucionais-MS-Florestal.jpeg","width":1600,"height":1200,"mime_type":"image\/jpeg","source_url":"https:\/\/cpcs.ufms.br\/files\/2024\/04\/Relacoes-institucionais-MS-Florestal.jpeg"}},"image_meta":{"aperture":"0","credit":"","camera":"","caption":"","created_timestamp":"0","copyright":"","focal_length":"0","iso":"0","shutter_speed":"0","title":"","orientation":"0","keywords":[]}},"post":10407,"source_url":"https:\/\/cpcs.ufms.br\/files\/2024\/04\/Relacoes-institucionais-MS-Florestal.jpeg","_links":{"self":[{"href":"https:\/\/cpcs.ufms.br\/en\/wp-json\/wp\/v2\/media\/10429","targetHints":{"allow":["GET"]}}],"collection":[{"href":"https:\/\/cpcs.ufms.br\/en\/wp-json\/wp\/v2\/media"}],"about":[{"href":"https:\/\/cpcs.ufms.br\/en\/wp-json\/wp\/v2\/types\/attachment"}],"author":[{"embeddable":true,"href":"https:\/\/cpcs.ufms.br\/en\/wp-json\/wp\/v2\/users\/4085"}],"replies":[{"embeddable":true,"href":"https:\/\/cpcs.ufms.br\/en\/wp-json\/wp\/v2\/comments?post=10429"}]}}

Relações institucionais &#8211; MS Florestal

<!-- This site is optimized with the Yoast SEO plugin v26.2 - https://yoast.com/wordpress/plugins/seo/ -->
<title>Relações institucionais - MS Florestal - Campus de Chapadão do Sul</title>
<meta name="robots" content="index, follow, max-snippet:-1, max-image-preview:large, max-video-preview:-1" />
<link rel="canonical" href="https://cpcs.ufms.br/files/2024/04/Relacoes-institucionais-MS-Florestal.jpeg" />
<meta property="og:locale" content="en_US" />
<meta property="og:type" content="article" />
<meta property="og:title" content="Relações institucionais - MS Florestal - Campus de Chapadão do Sul" />
<meta property="og:url" content="https://cpcs.ufms.br/files/2024/04/Relacoes-institucionais-MS-Florestal.jpeg" />
<meta property="og:site_name" content="Campus de Chapadão do Sul" />
<meta property="og:image" content="https://cpcs.ufms.br/files/2024/04/Relacoes-institucionais-MS-Florestal.jpeg" />
	<meta property="og:image:width" content="1" />
	<meta property="og:image:height" content="1" />
	<meta property="og:image:type" content="image/jpeg" />
<meta name="twitter:label1" content="Written by" />
	<meta name="twitter:data1" content="Gileno Azevedo" />
<script type="application/ld+json" class="yoast-schema-graph">{"@context":"https://schema.org","@graph":[{"@type":"WebPage","@id":"https://cpcs.ufms.br/files/2024/04/Relacoes-institucionais-MS-Florestal.jpeg","url":"https://cpcs.ufms.br/files/2024/04/Relacoes-institucionais-MS-Florestal.jpeg","name":"Relações institucionais - MS Florestal - Campus de Chapadão do Sul","isPartOf":{"@id":"https://cpcs.ufms.br/#website"},"datePublished":"2024-04-24T17:23:11+00:00","breadcrumb":{"@id":"https://cpcs.ufms.br/files/2024/04/Relacoes-institucionais-MS-Florestal.jpeg#breadcrumb"},"inLanguage":"en-US","potentialAction":[{"@type":"ReadAction","target":["https://cpcs.ufms.br/files/2024/04/Relacoes-institucionais-MS-Florestal.jpeg"]}]},{"@type":"BreadcrumbList","@id":"https://cpcs.ufms.br/files/2024/04/Relacoes-institucionais-MS-Florestal.jpeg#breadcrumb","itemListElement":[{"@type":"ListItem","position":1,"name":"Início","item":"https://cpcs.ufms.br/"},{"@type":"ListItem","position":2,"name":"Curso de Engenharia Florestal da UFMS participa da II Jornada Florestal Reflore/MS","item":"https://cpcs.ufms.br/curso-de-engenharia-florestal-da-ufms-participa-da-ii-jornada-florestal-reflore-ms/"},{"@type":"ListItem","position":3,"name":"Relações institucionais &#8211; MS Florestal"}]},{"@type":"WebSite","@id":"https://cpcs.ufms.br/#website","url":"https://cpcs.ufms.br/","name":"Campus de Chapadão do Sul","description":"Universidade Federal de Mato Grosso do Sul","potentialAction":[{"@type":"SearchAction","target":{"@type":"EntryPoint","urlTemplate":"https://cpcs.ufms.br/?s={search_term_string}"},"query-input":{"@type":"PropertyValueSpecification","valueRequired":true,"valueName":"search_term_string"}}],"inLanguage":"en-US"}]}</script>
<!-- / Yoast SEO plugin. -->

Relações institucionais - MS Florestal - Campus de Chapadão do Sul

Campus de Chapadão do Sul

Início
